{"version":"1.0","provider_name":"Laman\u00e8re - Lloc oficial del municipi","provider_url":"https:\/\/lamanere.fr\/ca","author_name":"Mairie de Laman\u00e8re","author_url":"https:\/\/lamanere.fr\/ca\/author\/jean-paul\/","title":"NE PAS JETER DES LINGETTES DANS LES TOILETTES - Laman\u00e8re - Lloc oficial del municipi","type":"rich","width":600,"height":338,"html":"<blockquote class=\"wp-embedded-content\" data-secret=\"iPrKG7KCIR\"><a href=\"https:\/\/lamanere.fr\/ca\/2021\/07\/19\/ne-pas-jeter-des-lingettes-dans-les-toilettes\/\">NE PAS JETER DES LINGETTES DANS LES TOILETTES<\/a><\/blockquote><iframe sandbox=\"allow-scripts\" security=\"restricted\" src=\"https:\/\/lamanere.fr\/ca\/2021\/07\/19\/ne-pas-jeter-des-lingettes-dans-les-toilettes\/embed\/#?secret=iPrKG7KCIR\" width=\"600\" height=\"338\" title=\"&#8220;NE PAS JETER DES LINGETTES DANS LES TOILETTES&#8221; &#8212; Laman\u00e8re - Lloc oficial del municipi\" data-secret=\"iPrKG7KCIR\" frameborder=\"0\" marginwidth=\"0\" marginheight=\"0\" scrolling=\"no\" class=\"wp-embedded-content\"><\/iframe><script type=\"text\/javascript\">\n\/* <![CDATA[ *\/\n\/*! This file is auto-generated *\/\n!function(d,l){\"use strict\";l.querySelector&&d.addEventListener&&\"undefined\"!=typeof URL&&(d.wp=d.wp||{},d.wp.receiveEmbedMessage||(d.wp.receiveEmbedMessage=function(e){var t=e.data;if((t||t.secret||t.message||t.value)&&!\/[^a-zA-Z0-9]\/.test(t.secret)){for(var s,r,n,a=l.querySelectorAll('iframe[data-secret=\"'+t.secret+'\"]'),o=l.querySelectorAll('blockquote[data-secret=\"'+t.secret+'\"]'),c=new RegExp(\"^https?:$\",\"i\"),i=0;i<o.length;i++)o[i].style.display=\"none\";for(i=0;i<a.length;i++)s=a[i],e.source===s.contentWindow&&(s.removeAttribute(\"style\"),\"height\"===t.message?(1e3<(r=parseInt(t.value,10))?r=1e3:~~r<200&&(r=200),s.height=r):\"link\"===t.message&&(r=new URL(s.getAttribute(\"src\")),n=new URL(t.value),c.test(n.protocol))&&n.host===r.host&&l.activeElement===s&&(d.top.location.href=t.value))}},d.addEventListener(\"message\",d.wp.receiveEmbedMessage,!1),l.addEventListener(\"DOMContentLoaded\",function(){for(var e,t,s=l.querySelectorAll(\"iframe.wp-embedded-content\"),r=0;r<s.length;r++)(t=(e=s[r]).getAttribute(\"data-secret\"))||(t=Math.random().toString(36).substring(2,12),e.src+=\"#?secret=\"+t,e.setAttribute(\"data-secret\",t)),e.contentWindow.postMessage({message:\"ready\",secret:t},\"*\")},!1)))}(window,document);\n\/* ]]> *\/\n<\/script>\n","description":"Ho sentim, aquesta entrada es troba disponible \u00fanicament en Franc\u00e8s. Ne pas jeter des lingettes dans les toilettes concerne \u00e0 la fois la protection de l\u2019environnement et le bon fonctionnement du r\u00e9seau d\u2019assainissement de la commune. En effet une lingette&hellip; Continue Reading &rarr;","thumbnail_url":"https:\/\/lamanere.fr\/wp-content\/uploads\/2021\/07\/Non-aux-lingettes_Page_1-212x300.png"}

Lamanère - Lloc oficial del municipi

Mairie de Lamanère

NE PAS JETER DES LINGETTES DANS LES TOILETTES - Lamanère - Lloc oficial del municipi

<blockquote class="wp-embedded-content" data-secret="iPrKG7KCIR"><a href="https://lamanere.fr/ca/2021/07/19/ne-pas-jeter-des-lingettes-dans-les-toilettes/">NE PAS JETER DES LINGETTES DANS LES TOILETTES</a></blockquote><iframe sandbox="allow-scripts" security="restricted" src="https://lamanere.fr/ca/2021/07/19/ne-pas-jeter-des-lingettes-dans-les-toilettes/embed/#?secret=iPrKG7KCIR" width="600" height="338" title="&#8220;NE PAS JETER DES LINGETTES DANS LES TOILETTES&#8221; &#8212; Lamanère - Lloc oficial del municipi" data-secret="iPrKG7KCIR" frameborder="0" marginwidth="0" marginheight="0" scrolling="no" class="wp-embedded-content"></iframe><script type="text/javascript">
/* <![CDATA[ */
/*! This file is auto-generated */
!function(d,l){"use strict";l.querySelector&&d.addEventListener&&"undefined"!=typeof URL&&(d.wp=d.wp||{},d.wp.receiveEmbedMessage||(d.wp.receiveEmbedMessage=function(e){var t=e.data;if((t||t.secret||t.message||t.value)&&!/[^a-zA-Z0-9]/.test(t.secret)){for(var s,r,n,a=l.querySelectorAll('iframe[data-secret="'+t.secret+'"]'),o=l.querySelectorAll('blockquote[data-secret="'+t.secret+'"]'),c=new RegExp("^https?:$","i"),i=0;i<o.length;i++)o[i].style.display="none";for(i=0;i<a.length;i++)s=a[i],e.source===s.contentWindow&&(s.removeAttribute("style"),"height"===t.message?(1e3<(r=parseInt(t.value,10))?r=1e3:~~r<200&&(r=200),s.height=r):"link"===t.message&&(r=new URL(s.getAttribute("src")),n=new URL(t.value),c.test(n.protocol))&&n.host===r.host&&l.activeElement===s&&(d.top.location.href=t.value))}},d.addEventListener("message",d.wp.receiveEmbedMessage,!1),l.addEventListener("DOMContentLoaded",function(){for(var e,t,s=l.querySelectorAll("iframe.wp-embedded-content"),r=0;r<s.length;r++)(t=(e=s[r]).getAttribute("data-secret"))||(t=Math.random().toString(36).substring(2,12),e.src+="#?secret="+t,e.setAttribute("data-secret",t)),e.contentWindow.postMessage({message:"ready",secret:t},"*")},!1)))}(window,document);
/* ]]> */
</script>

Ho sentim, aquesta entrada es troba disponible únicament en Francès. Ne pas jeter des lingettes dans les toilettes concerne à la fois la protection de l’environnement et le bon fonctionnement du réseau d’assainissement de la commune. En effet une lingette&hellip; Continue Reading &rarr;
