{"id":1357,"date":"2021-02-08T23:10:15","date_gmt":"2021-02-08T22:10:15","guid":{"rendered":"https:\/\/lamanere.fr\/?post_type=tribe_events&#038;p=1357"},"modified":"2021-02-08T23:12:12","modified_gmt":"2021-02-08T22:12:12","slug":"retirada","status":"publish","type":"tribe_events","link":"https:\/\/lamanere.fr\/ca\/evenement\/retirada\/","title":{"rendered":"RETIRADA"},"content":{"rendered":"<p class=\"qtranxs-available-languages-message qtranxs-available-languages-message-ca\">Ho sentim, aquesta entrada es troba disponible \u00fanicament en <a href=\"https:\/\/lamanere.fr\/fr\/wp-json\/wp\/v2\/tribe_events\/1357\" class=\"qtranxs-available-language-link qtranxs-available-language-link-fr\" title=\"Fran\u00e7ais\">Franc\u00e8s<\/a>.<\/p><p>Bonjour \u00e0 toutes et \u00e0 tous,<\/p>\n<p>La comm\u00e9moration de la <strong>Retirada<\/strong>, qui devait se d\u00e9rouler le 20 f\u00e9vrier 2021, est avanc\u00e9e au dimanche 14 f\u00e9vrier 2021. Les conditions sanitaires et les mesures qui en d\u00e9coulent ne nous donnent pas la possibilit\u00e9 de nous rassembler.<\/p>\n<p>Le 14 f\u00e9vrier \u00e0 10 h l\u2019inauguration de la plaque rappelant le passage \u00e0 Laman\u00e8re de milliers de r\u00e9fugi\u00e9s se fera en petit comit\u00e9. Une d\u00e9l\u00e9gation de nos amis de FFREEE (Fils et Filles de R\u00e9publicains Espagnols et Enfants de l\u2019Exode) nous rejoindra, ainsi que George Bartoli (neveu de Josep Bartoli).<\/p>\n<p>La c\u00e9r\u00e9monie sera film\u00e9e et ins\u00e9r\u00e9e dans un film regroupant les diff\u00e9rentes comm\u00e9morations du 82<sup>\u00e8me<\/sup> anniversaire de la Retirada. Le film sera disponible sur Youtube et sur les diff\u00e9rents sites de la FFREEE et de Laman\u00e8re, \u00e0 partir du 20 f\u00e9vrier 2021.<\/p>\n<p>Nous aurions aim\u00e9 que cette c\u00e9r\u00e9monie qui rendra justice aux R\u00e9publicains Espagnols qui pass\u00e8rent par notre village en 1939 soit une manifestation populaire. La situation sanitaire ne nous laisse pas le choix. Mais ce n\u2019est que partie remise puisque nous avons convenu avec nos amis de la FFREEE de consacrer une journ\u00e9e enti\u00e8re \u00e0 l\u2019\u00e9vocation de la <strong>Retirada<\/strong> lorsque la situation nous le permettra.<\/p>\n<p>Nous vous tiendrons inform\u00e9s de la teneur de cette journ\u00e9e.<\/p>\n<p>&nbsp;<\/p>","protected":false},"excerpt":{"rendered":"<p>Ho sentim, aquesta entrada es troba disponible \u00fanicament en Franc\u00e8s.Bonjour \u00e0 toutes et \u00e0 tous, La comm\u00e9moration de la Retirada, qui devait se d\u00e9rouler le 20 f\u00e9vrier 2021, est avanc\u00e9e au dimanche 14 f\u00e9vrier 2021. Les conditions sanitaires et les&hellip; <a href=\"https:\/\/lamanere.fr\/ca\/evenement\/retirada\/\" class=\"more-link\">Continue Reading <span class=\"meta-nav\">&rarr;<\/span><\/a><\/p>\n","protected":false},"author":2,"featured_media":0,"template":"","meta":{"_tribe_events_status":"","_tribe_events_status_reason":""},"tags":[],"tribe_events_cat":[],"yoast_head":"<!-- This site is optimized with the Yoast SEO plugin v27.5 - https:\/\/yoast.com\/product\/yoast-seo-wordpress\/ -->\n<title><\/title>\n<meta name=\"robots\" content=\"index, follow, max-snippet:-1, max-image-preview:large, max-video-preview:-1\" \/>\n<link rel=\"canonical\" href=\"https:\/\/lamanere.fr\/evenement\/retirada\/\" \/>\n<meta property=\"og:locale\" content=\"ca_ES\" \/>\n<meta property=\"og:type\" content=\"article\" \/>\n<meta property=\"og:title\" content=\"[:fr]RETIRADA[:] - Laman\u00e8re - Lloc oficial del municipi\" \/>\n<meta property=\"og:description\" content=\"Ho sentim, aquesta entrada es troba disponible \u00fanicament en Franc\u00e8s.Bonjour \u00e0 toutes et \u00e0 tous, La comm\u00e9moration de la Retirada, qui devait se d\u00e9rouler le 20 f\u00e9vrier 2021, est avanc\u00e9e au dimanche 14 f\u00e9vrier 2021. Les conditions sanitaires et les&hellip; Continue Reading &rarr;\" \/>\n<meta property=\"og:url\" content=\"https:\/\/lamanere.fr\/evenement\/retirada\/\" \/>\n<meta property=\"og:site_name\" content=\"Laman\u00e8re - Lloc oficial del municipi\" \/>\n<meta property=\"article:publisher\" content=\"https:\/\/www.facebook.com\/lamanere\" \/>\n<meta property=\"article:modified_time\" content=\"2021-02-08T22:12:12+00:00\" \/>\n<meta name=\"twitter:card\" content=\"summary_large_image\" \/>\n<meta name=\"twitter:label1\" content=\"Temps estimat de lectura\" \/>\n\t<meta name=\"twitter:data1\" content=\"1 minut\" \/>\n<script type=\"application\/ld+json\" class=\"yoast-schema-graph\">{\"@context\":\"https:\\\/\\\/schema.org\",\"@graph\":[{\"@type\":\"WebPage\",\"@id\":\"https:\\\/\\\/lamanere.fr\\\/evenement\\\/retirada\\\/\",\"url\":\"https:\\\/\\\/lamanere.fr\\\/evenement\\\/retirada\\\/\",\"name\":\"[:fr]RETIRADA[:] - Laman\u00e8re - Lloc oficial del municipi\",\"isPartOf\":{\"@id\":\"https:\\\/\\\/lamanere.fr\\\/#website\"},\"datePublished\":\"2021-02-08T22:10:15+00:00\",\"dateModified\":\"2021-02-08T22:12:12+00:00\",\"breadcrumb\":{\"@id\":\"https:\\\/\\\/lamanere.fr\\\/evenement\\\/retirada\\\/#breadcrumb\"},\"inLanguage\":\"ca\",\"potentialAction\":[{\"@type\":\"ReadAction\",\"target\":[\"https:\\\/\\\/lamanere.fr\\\/evenement\\\/retirada\\\/\"]}]},{\"@type\":\"BreadcrumbList\",\"@id\":\"https:\\\/\\\/lamanere.fr\\\/evenement\\\/retirada\\\/#breadcrumb\",\"itemListElement\":[{\"@type\":\"ListItem\",\"position\":1,\"name\":\"Accueil\",\"item\":\"https:\\\/\\\/lamanere.fr\\\/\"},{\"@type\":\"ListItem\",\"position\":2,\"name\":\"\u00c9v\u00e8nements\",\"item\":\"https:\\\/\\\/lamanere.fr\\\/evenements\\\/\"},{\"@type\":\"ListItem\",\"position\":3,\"name\":\"RETIRADA\"}]},{\"@type\":\"WebSite\",\"@id\":\"https:\\\/\\\/lamanere.fr\\\/#website\",\"url\":\"https:\\\/\\\/lamanere.fr\\\/\",\"name\":\"Laman\u00e8re - Lloc oficial del municipi\",\"description\":\"Poble m\u00e9s al sud de la Fran\u00e7a continental\",\"publisher\":{\"@id\":\"https:\\\/\\\/lamanere.fr\\\/#organization\"},\"potentialAction\":[{\"@type\":\"SearchAction\",\"target\":{\"@type\":\"EntryPoint\",\"urlTemplate\":\"https:\\\/\\\/lamanere.fr\\\/?s={search_term_string}\"},\"query-input\":{\"@type\":\"PropertyValueSpecification\",\"valueRequired\":true,\"valueName\":\"search_term_string\"}}],\"inLanguage\":\"ca\"},{\"@type\":\"Organization\",\"@id\":\"https:\\\/\\\/lamanere.fr\\\/#organization\",\"name\":\"Commune de Laman\u00e8re\",\"url\":\"https:\\\/\\\/lamanere.fr\\\/\",\"logo\":{\"@type\":\"ImageObject\",\"inLanguage\":\"ca\",\"@id\":\"https:\\\/\\\/lamanere.fr\\\/#\\\/schema\\\/logo\\\/image\\\/\",\"url\":\"https:\\\/\\\/lamanere.fr\\\/wp-content\\\/uploads\\\/2020\\\/09\\\/logo2-149.jpg\",\"contentUrl\":\"https:\\\/\\\/lamanere.fr\\\/wp-content\\\/uploads\\\/2020\\\/09\\\/logo2-149.jpg\",\"width\":149,\"height\":146,\"caption\":\"Commune de Laman\u00e8re\"},\"image\":{\"@id\":\"https:\\\/\\\/lamanere.fr\\\/#\\\/schema\\\/logo\\\/image\\\/\"},\"sameAs\":[\"https:\\\/\\\/www.facebook.com\\\/lamanere\",\"https:\\\/\\\/fr.wikipedia.org\\\/wiki\\\/Laman\u00e8re\"]}]}<\/script>\n<!-- \/ Yoast SEO plugin. -->","yoast_head_json":{"title":"[:fr]RETIRADA[:] - Laman\u00e8re - Lloc oficial del municipi","robots":{"index":"index","follow":"follow","max-snippet":"max-snippet:-1","max-image-preview":"max-image-preview:large","max-video-preview":"max-video-preview:-1"},"canonical":"https:\/\/lamanere.fr\/evenement\/retirada\/","og_locale":"ca_ES","og_type":"article","og_title":"[:fr]RETIRADA[:] - Laman\u00e8re - Lloc oficial del municipi","og_description":"Ho sentim, aquesta entrada es troba disponible \u00fanicament en Franc\u00e8s.Bonjour \u00e0 toutes et \u00e0 tous, La comm\u00e9moration de la Retirada, qui devait se d\u00e9rouler le 20 f\u00e9vrier 2021, est avanc\u00e9e au dimanche 14 f\u00e9vrier 2021. Les conditions sanitaires et les&hellip; Continue Reading &rarr;","og_url":"https:\/\/lamanere.fr\/evenement\/retirada\/","og_site_name":"Laman\u00e8re - Lloc oficial del municipi","article_publisher":"https:\/\/www.facebook.com\/lamanere","article_modified_time":"2021-02-08T22:12:12+00:00","twitter_card":"summary_large_image","twitter_misc":{"Temps estimat de lectura":"1 minut"},"schema":{"@context":"https:\/\/schema.org","@graph":[{"@type":"WebPage","@id":"https:\/\/lamanere.fr\/evenement\/retirada\/","url":"https:\/\/lamanere.fr\/evenement\/retirada\/","name":"[:fr]RETIRADA[:] - Laman\u00e8re - Lloc oficial del municipi","isPartOf":{"@id":"https:\/\/lamanere.fr\/#website"},"datePublished":"2021-02-08T22:10:15+00:00","dateModified":"2021-02-08T22:12:12+00:00","breadcrumb":{"@id":"https:\/\/lamanere.fr\/evenement\/retirada\/#breadcrumb"},"inLanguage":"ca","potentialAction":[{"@type":"ReadAction","target":["https:\/\/lamanere.fr\/evenement\/retirada\/"]}]},{"@type":"BreadcrumbList","@id":"https:\/\/lamanere.fr\/evenement\/retirada\/#breadcrumb","itemListElement":[{"@type":"ListItem","position":1,"name":"Accueil","item":"https:\/\/lamanere.fr\/"},{"@type":"ListItem","position":2,"name":"\u00c9v\u00e8nements","item":"https:\/\/lamanere.fr\/evenements\/"},{"@type":"ListItem","position":3,"name":"RETIRADA"}]},{"@type":"WebSite","@id":"https:\/\/lamanere.fr\/#website","url":"https:\/\/lamanere.fr\/","name":"Laman\u00e8re - Lloc oficial del municipi","description":"Poble m\u00e9s al sud de la Fran\u00e7a continental","publisher":{"@id":"https:\/\/lamanere.fr\/#organization"},"potentialAction":[{"@type":"SearchAction","target":{"@type":"EntryPoint","urlTemplate":"https:\/\/lamanere.fr\/?s={search_term_string}"},"query-input":{"@type":"PropertyValueSpecification","valueRequired":true,"valueName":"search_term_string"}}],"inLanguage":"ca"},{"@type":"Organization","@id":"https:\/\/lamanere.fr\/#organization","name":"Commune de Laman\u00e8re","url":"https:\/\/lamanere.fr\/","logo":{"@type":"ImageObject","inLanguage":"ca","@id":"https:\/\/lamanere.fr\/#\/schema\/logo\/image\/","url":"https:\/\/lamanere.fr\/wp-content\/uploads\/2020\/09\/logo2-149.jpg","contentUrl":"https:\/\/lamanere.fr\/wp-content\/uploads\/2020\/09\/logo2-149.jpg","width":149,"height":146,"caption":"Commune de Laman\u00e8re"},"image":{"@id":"https:\/\/lamanere.fr\/#\/schema\/logo\/image\/"},"sameAs":["https:\/\/www.facebook.com\/lamanere","https:\/\/fr.wikipedia.org\/wiki\/Laman\u00e8re"]}]}},"_links":{"self":[{"href":"https:\/\/lamanere.fr\/ca\/wp-json\/wp\/v2\/tribe_events\/1357"}],"collection":[{"href":"https:\/\/lamanere.fr\/ca\/wp-json\/wp\/v2\/tribe_events"}],"about":[{"href":"https:\/\/lamanere.fr\/ca\/wp-json\/wp\/v2\/types\/tribe_events"}],"author":[{"embeddable":true,"href":"https:\/\/lamanere.fr\/ca\/wp-json\/wp\/v2\/users\/2"}],"version-history":[{"count":1,"href":"https:\/\/lamanere.fr\/ca\/wp-json\/wp\/v2\/tribe_events\/1357\/revisions"}],"predecessor-version":[{"id":1358,"href":"https:\/\/lamanere.fr\/ca\/wp-json\/wp\/v2\/tribe_events\/1357\/revisions\/1358"}],"wp:attachment":[{"href":"https:\/\/lamanere.fr\/ca\/wp-json\/wp\/v2\/media?parent=1357"}],"wp:term":[{"taxonomy":"post_tag","embeddable":true,"href":"https:\/\/lamanere.fr\/ca\/wp-json\/wp\/v2\/tags?post=1357"},{"taxonomy":"tribe_events_cat","embeddable":true,"href":"https:\/\/lamanere.fr\/ca\/wp-json\/wp\/v2\/tribe_events_cat?post=1357"}],"curies":[{"name":"wp","href":"https:\/\/api.w.org\/{rel}","templated":true}]}}

<p class="qtranxs-available-languages-message qtranxs-available-languages-message-ca">Ho sentim, aquesta entrada es troba disponible únicament en <a href="https://lamanere.fr/fr/wp-json/wp/v2/tribe_events/1357" class="qtranxs-available-language-link qtranxs-available-language-link-fr" title="Français">Francès</a>.</p><p>Bonjour à toutes et à tous,</p>
<p>La commémoration de la <strong>Retirada</strong>, qui devait se dérouler le 20 février 2021, est avancée au dimanche 14 février 2021. Les conditions sanitaires et les mesures qui en découlent ne nous donnent pas la possibilité de nous rassembler.</p>
<p>Le 14 février à 10 h l’inauguration de la plaque rappelant le passage à Lamanère de milliers de réfugiés se fera en petit comité. Une délégation de nos amis de FFREEE (Fils et Filles de Républicains Espagnols et Enfants de l’Exode) nous rejoindra, ainsi que George Bartoli (neveu de Josep Bartoli).</p>
<p>La cérémonie sera filmée et insérée dans un film regroupant les différentes commémorations du 82<sup>ème</sup> anniversaire de la Retirada. Le film sera disponible sur Youtube et sur les différents sites de la FFREEE et de Lamanère, à partir du 20 février 2021.</p>
<p>Nous aurions aimé que cette cérémonie qui rendra justice aux Républicains Espagnols qui passèrent par notre village en 1939 soit une manifestation populaire. La situation sanitaire ne nous laisse pas le choix. Mais ce n’est que partie remise puisque nous avons convenu avec nos amis de la FFREEE de consacrer une journée entière à l’évocation de la <strong>Retirada</strong> lorsque la situation nous le permettra.</p>
<p>Nous vous tiendrons informés de la teneur de cette journée.</p>
<p>&nbsp;</p>

<p>Ho sentim, aquesta entrada es troba disponible únicament en Francès.Bonjour à toutes et à tous, La commémoration de la Retirada, qui devait se dérouler le 20 février 2021, est avancée au dimanche 14 février 2021. Les conditions sanitaires et les&hellip; <a href="https://lamanere.fr/ca/evenement/retirada/" class="more-link">Continue Reading <span class="meta-nav">&rarr;</span></a></p>

<!-- This site is optimized with the Yoast SEO plugin v27.5 - https://yoast.com/product/yoast-seo-wordpress/ -->
<title></title>
<meta name="robots" content="index, follow, max-snippet:-1, max-image-preview:large, max-video-preview:-1" />
<link rel="canonical" href="https://lamanere.fr/evenement/retirada/" />
<meta property="og:locale" content="ca_ES" />
<meta property="og:type" content="article" />
<meta property="og:title" content="[:fr]RETIRADA[:] - Lamanère - Lloc oficial del municipi" />
<meta property="og:description" content="Ho sentim, aquesta entrada es troba disponible únicament en Francès.Bonjour à toutes et à tous, La commémoration de la Retirada, qui devait se dérouler le 20 février 2021, est avancée au dimanche 14 février 2021. Les conditions sanitaires et les&hellip; Continue Reading &rarr;" />
<meta property="og:url" content="https://lamanere.fr/evenement/retirada/" />
<meta property="og:site_name" content="Lamanère - Lloc oficial del municipi" />
<meta property="article:publisher" content="https://www.facebook.com/lamanere" />
<meta property="article:modified_time" content="2021-02-08T22:12:12+00:00" />
<meta name="twitter:card" content="summary_large_image" />
<meta name="twitter:label1" content="Temps estimat de lectura" />
	<meta name="twitter:data1" content="1 minut" />
<script type="application/ld+json" class="yoast-schema-graph">{"@context":"https:\/\/schema.org","@graph":[{"@type":"WebPage","@id":"https:\/\/lamanere.fr\/evenement\/retirada\/","url":"https:\/\/lamanere.fr\/evenement\/retirada\/","name":"[:fr]RETIRADA[:] - Lamanère - Lloc oficial del municipi","isPartOf":{"@id":"https:\/\/lamanere.fr\/#website"},"datePublished":"2021-02-08T22:10:15+00:00","dateModified":"2021-02-08T22:12:12+00:00","breadcrumb":{"@id":"https:\/\/lamanere.fr\/evenement\/retirada\/#breadcrumb"},"inLanguage":"ca","potentialAction":[{"@type":"ReadAction","target":["https:\/\/lamanere.fr\/evenement\/retirada\/"]}]},{"@type":"BreadcrumbList","@id":"https:\/\/lamanere.fr\/evenement\/retirada\/#breadcrumb","itemListElement":[{"@type":"ListItem","position":1,"name":"Accueil","item":"https:\/\/lamanere.fr\/"},{"@type":"ListItem","position":2,"name":"Évènements","item":"https:\/\/lamanere.fr\/evenements\/"},{"@type":"ListItem","position":3,"name":"RETIRADA"}]},{"@type":"WebSite","@id":"https:\/\/lamanere.fr\/#website","url":"https:\/\/lamanere.fr\/","name":"Lamanère - Lloc oficial del municipi","description":"Poble més al sud de la França continental","publisher":{"@id":"https:\/\/lamanere.fr\/#organization"},"potentialAction":[{"@type":"SearchAction","target":{"@type":"EntryPoint","urlTemplate":"https:\/\/lamanere.fr\/?s={search_term_string}"},"query-input":{"@type":"PropertyValueSpecification","valueRequired":true,"valueName":"search_term_string"}}],"inLanguage":"ca"},{"@type":"Organization","@id":"https:\/\/lamanere.fr\/#organization","name":"Commune de Lamanère","url":"https:\/\/lamanere.fr\/","logo":{"@type":"ImageObject","inLanguage":"ca","@id":"https:\/\/lamanere.fr\/#\/schema\/logo\/image\/","url":"https:\/\/lamanere.fr\/wp-content\/uploads\/2020\/09\/logo2-149.jpg","contentUrl":"https:\/\/lamanere.fr\/wp-content\/uploads\/2020\/09\/logo2-149.jpg","width":149,"height":146,"caption":"Commune de Lamanère"},"image":{"@id":"https:\/\/lamanere.fr\/#\/schema\/logo\/image\/"},"sameAs":["https:\/\/www.facebook.com\/lamanere","https:\/\/fr.wikipedia.org\/wiki\/Lamanère"]}]}</script>
<!-- / Yoast SEO plugin. -->

[:fr]RETIRADA[:] - Lamanère - Lloc oficial del municipi

Ho sentim, aquesta entrada es troba disponible únicament en Francès.Bonjour à toutes et à tous, La commémoration de la Retirada, qui devait se dérouler le 20 février 2021, est avancée au dimanche 14 février 2021. Les conditions sanitaires et les&hellip; Continue Reading &rarr;

Lamanère - Lloc oficial del municipi

Évènements

Poble més al sud de la França continental

Commune de Lamanère

https://fr.wikipedia.org/wiki/Lamanère
