{"id":2490,"date":"2022-10-24T12:27:33","date_gmt":"2022-10-24T11:27:33","guid":{"rendered":"https:\/\/lamanere.fr\/?post_type=tribe_events&#038;p=2490"},"modified":"2022-10-24T12:27:33","modified_gmt":"2022-10-24T11:27:33","slug":"foire-dautomne-lamanere","status":"publish","type":"tribe_events","link":"https:\/\/lamanere.fr\/ca\/evenement\/foire-dautomne-lamanere\/","title":{"rendered":"FOIRE D&#8217;AUTOMNE LAMANERE"},"content":{"rendered":"<p class=\"qtranxs-available-languages-message qtranxs-available-languages-message-ca\">Ho sentim, aquesta entrada es troba disponible \u00fanicament en <a href=\"https:\/\/lamanere.fr\/fr\/wp-json\/wp\/v2\/tribe_events\/2490\" class=\"qtranxs-available-language-link qtranxs-available-language-link-fr\" title=\"Fran\u00e7ais\">Franc\u00e8s<\/a>.<\/p><p>La foire d\u2019automne et le vide &#8211; greniers se tiendront \u00e0 Laman\u00e8re le dimanche 30 octobre, sur la place du village et ses alentours imm\u00e9diats.<\/p>\n<p>De nombreux stands sont pr\u00e9vus, t\u00e9moins du dynamisme de nos producteurs et artistes locaux\u00a0: produits issus de l\u2019agriculture biologique, vente de miel, foie gras, fromages de ch\u00e8vre, vin, bi\u00e8re locale, p\u00e2tisseries, confitures, mais aussi cr\u00e9ations artisanales de bijoux, tuiles peintes de Taulis, sans oublier comme l\u2019an dernier des balades tout autour du village sur les \u00e2nes venus de Montferrer.<\/p>\n<p>Pour ceux qui veulent se restaurer, un Food Truck install\u00e9 sur la place, proposera des en-cas.<\/p>\n<p>Esp\u00e9rons que le temps sera cl\u00e9ment. Venez nombreux\u00a0!<\/p>\n<p><img loading=\"lazy\" decoding=\"async\" class=\"alignnone size-medium wp-image-2480 aligncenter\" src=\"https:\/\/lamanere.fr\/wp-content\/uploads\/2022\/10\/Foire-dautomne_affiche-v0-212x300.png\" alt=\"\" width=\"212\" height=\"300\" srcset=\"https:\/\/lamanere.fr\/wp-content\/uploads\/2022\/10\/Foire-dautomne_affiche-v0-212x300.png 212w, https:\/\/lamanere.fr\/wp-content\/uploads\/2022\/10\/Foire-dautomne_affiche-v0-724x1024.png 724w, https:\/\/lamanere.fr\/wp-content\/uploads\/2022\/10\/Foire-dautomne_affiche-v0-768x1086.png 768w, https:\/\/lamanere.fr\/wp-content\/uploads\/2022\/10\/Foire-dautomne_affiche-v0-1086x1536.png 1086w, https:\/\/lamanere.fr\/wp-content\/uploads\/2022\/10\/Foire-dautomne_affiche-v0-1448x2048.png 1448w, https:\/\/lamanere.fr\/wp-content\/uploads\/2022\/10\/Foire-dautomne_affiche-v0-339x480.png 339w, https:\/\/lamanere.fr\/wp-content\/uploads\/2022\/10\/Foire-dautomne_affiche-v0.png 1587w\" sizes=\"(max-width: 212px) 100vw, 212px\" \/><\/p>","protected":false},"excerpt":{"rendered":"<p>Ho sentim, aquesta entrada es troba disponible \u00fanicament en Franc\u00e8s.La foire d\u2019automne et le vide &#8211; greniers se tiendront \u00e0 Laman\u00e8re le dimanche 30 octobre, sur la place du village et ses alentours imm\u00e9diats. De nombreux stands sont pr\u00e9vus, t\u00e9moins&hellip; <a href=\"https:\/\/lamanere.fr\/ca\/evenement\/foire-dautomne-lamanere\/\" class=\"more-link\">Continue Reading <span class=\"meta-nav\">&rarr;<\/span><\/a><\/p>\n","protected":false},"author":2,"featured_media":0,"template":"","meta":{"_tribe_events_status":"","_tribe_events_status_reason":""},"tags":[],"tribe_events_cat":[],"yoast_head":"<!-- This site is optimized with the Yoast SEO plugin v27.5 - https:\/\/yoast.com\/product\/yoast-seo-wordpress\/ -->\n<title><\/title>\n<meta name=\"robots\" content=\"index, follow, max-snippet:-1, max-image-preview:large, max-video-preview:-1\" \/>\n<link rel=\"canonical\" href=\"https:\/\/lamanere.fr\/evenement\/foire-dautomne-lamanere\/\" \/>\n<meta property=\"og:locale\" content=\"ca_ES\" \/>\n<meta property=\"og:type\" content=\"article\" \/>\n<meta property=\"og:title\" content=\"[:fr]FOIRE D&#039;AUTOMNE LAMANERE[:] - Laman\u00e8re - Lloc oficial del municipi\" \/>\n<meta property=\"og:description\" content=\"Ho sentim, aquesta entrada es troba disponible \u00fanicament en Franc\u00e8s.La foire d\u2019automne et le vide &#8211; greniers se tiendront \u00e0 Laman\u00e8re le dimanche 30 octobre, sur la place du village et ses alentours imm\u00e9diats. De nombreux stands sont pr\u00e9vus, t\u00e9moins&hellip; Continue Reading &rarr;\" \/>\n<meta property=\"og:url\" content=\"https:\/\/lamanere.fr\/evenement\/foire-dautomne-lamanere\/\" \/>\n<meta property=\"og:site_name\" content=\"Laman\u00e8re - Lloc oficial del municipi\" \/>\n<meta property=\"article:publisher\" content=\"https:\/\/www.facebook.com\/lamanere\" \/>\n<meta property=\"og:image\" content=\"https:\/\/lamanere.fr\/wp-content\/uploads\/2022\/10\/Foire-dautomne_affiche-v0-212x300.png\" \/>\n<meta name=\"twitter:card\" content=\"summary_large_image\" \/>\n<meta name=\"twitter:label1\" content=\"Temps estimat de lectura\" \/>\n\t<meta name=\"twitter:data1\" content=\"1 minut\" \/>\n<script type=\"application\/ld+json\" class=\"yoast-schema-graph\">{\"@context\":\"https:\\\/\\\/schema.org\",\"@graph\":[{\"@type\":\"WebPage\",\"@id\":\"https:\\\/\\\/lamanere.fr\\\/evenement\\\/foire-dautomne-lamanere\\\/\",\"url\":\"https:\\\/\\\/lamanere.fr\\\/evenement\\\/foire-dautomne-lamanere\\\/\",\"name\":\"[:fr]FOIRE D'AUTOMNE LAMANERE[:] - Laman\u00e8re - Lloc oficial del municipi\",\"isPartOf\":{\"@id\":\"https:\\\/\\\/lamanere.fr\\\/#website\"},\"primaryImageOfPage\":{\"@id\":\"https:\\\/\\\/lamanere.fr\\\/evenement\\\/foire-dautomne-lamanere\\\/#primaryimage\"},\"image\":{\"@id\":\"https:\\\/\\\/lamanere.fr\\\/evenement\\\/foire-dautomne-lamanere\\\/#primaryimage\"},\"thumbnailUrl\":\"https:\\\/\\\/lamanere.fr\\\/wp-content\\\/uploads\\\/2022\\\/10\\\/Foire-dautomne_affiche-v0-212x300.png\",\"datePublished\":\"2022-10-24T11:27:33+00:00\",\"breadcrumb\":{\"@id\":\"https:\\\/\\\/lamanere.fr\\\/evenement\\\/foire-dautomne-lamanere\\\/#breadcrumb\"},\"inLanguage\":\"ca\",\"potentialAction\":[{\"@type\":\"ReadAction\",\"target\":[\"https:\\\/\\\/lamanere.fr\\\/evenement\\\/foire-dautomne-lamanere\\\/\"]}]},{\"@type\":\"ImageObject\",\"inLanguage\":\"ca\",\"@id\":\"https:\\\/\\\/lamanere.fr\\\/evenement\\\/foire-dautomne-lamanere\\\/#primaryimage\",\"url\":\"https:\\\/\\\/lamanere.fr\\\/wp-content\\\/uploads\\\/2022\\\/10\\\/Foire-dautomne_affiche-v0-212x300.png\",\"contentUrl\":\"https:\\\/\\\/lamanere.fr\\\/wp-content\\\/uploads\\\/2022\\\/10\\\/Foire-dautomne_affiche-v0-212x300.png\"},{\"@type\":\"BreadcrumbList\",\"@id\":\"https:\\\/\\\/lamanere.fr\\\/evenement\\\/foire-dautomne-lamanere\\\/#breadcrumb\",\"itemListElement\":[{\"@type\":\"ListItem\",\"position\":1,\"name\":\"Accueil\",\"item\":\"https:\\\/\\\/lamanere.fr\\\/\"},{\"@type\":\"ListItem\",\"position\":2,\"name\":\"\u00c9v\u00e8nements\",\"item\":\"https:\\\/\\\/lamanere.fr\\\/evenements\\\/\"},{\"@type\":\"ListItem\",\"position\":3,\"name\":\"FOIRE D&#8217;AUTOMNE LAMANERE\"}]},{\"@type\":\"WebSite\",\"@id\":\"https:\\\/\\\/lamanere.fr\\\/#website\",\"url\":\"https:\\\/\\\/lamanere.fr\\\/\",\"name\":\"Laman\u00e8re - Lloc oficial del municipi\",\"description\":\"Poble m\u00e9s al sud de la Fran\u00e7a continental\",\"publisher\":{\"@id\":\"https:\\\/\\\/lamanere.fr\\\/#organization\"},\"potentialAction\":[{\"@type\":\"SearchAction\",\"target\":{\"@type\":\"EntryPoint\",\"urlTemplate\":\"https:\\\/\\\/lamanere.fr\\\/?s={search_term_string}\"},\"query-input\":{\"@type\":\"PropertyValueSpecification\",\"valueRequired\":true,\"valueName\":\"search_term_string\"}}],\"inLanguage\":\"ca\"},{\"@type\":\"Organization\",\"@id\":\"https:\\\/\\\/lamanere.fr\\\/#organization\",\"name\":\"Commune de Laman\u00e8re\",\"url\":\"https:\\\/\\\/lamanere.fr\\\/\",\"logo\":{\"@type\":\"ImageObject\",\"inLanguage\":\"ca\",\"@id\":\"https:\\\/\\\/lamanere.fr\\\/#\\\/schema\\\/logo\\\/image\\\/\",\"url\":\"https:\\\/\\\/lamanere.fr\\\/wp-content\\\/uploads\\\/2020\\\/09\\\/logo2-149.jpg\",\"contentUrl\":\"https:\\\/\\\/lamanere.fr\\\/wp-content\\\/uploads\\\/2020\\\/09\\\/logo2-149.jpg\",\"width\":149,\"height\":146,\"caption\":\"Commune de Laman\u00e8re\"},\"image\":{\"@id\":\"https:\\\/\\\/lamanere.fr\\\/#\\\/schema\\\/logo\\\/image\\\/\"},\"sameAs\":[\"https:\\\/\\\/www.facebook.com\\\/lamanere\",\"https:\\\/\\\/fr.wikipedia.org\\\/wiki\\\/Laman\u00e8re\"]}]}<\/script>\n<!-- \/ Yoast SEO plugin. -->","yoast_head_json":{"title":"[:fr]FOIRE D'AUTOMNE LAMANERE[:] - Laman\u00e8re - Lloc oficial del municipi","robots":{"index":"index","follow":"follow","max-snippet":"max-snippet:-1","max-image-preview":"max-image-preview:large","max-video-preview":"max-video-preview:-1"},"canonical":"https:\/\/lamanere.fr\/evenement\/foire-dautomne-lamanere\/","og_locale":"ca_ES","og_type":"article","og_title":"[:fr]FOIRE D'AUTOMNE LAMANERE[:] - Laman\u00e8re - Lloc oficial del municipi","og_description":"Ho sentim, aquesta entrada es troba disponible \u00fanicament en Franc\u00e8s.La foire d\u2019automne et le vide &#8211; greniers se tiendront \u00e0 Laman\u00e8re le dimanche 30 octobre, sur la place du village et ses alentours imm\u00e9diats. De nombreux stands sont pr\u00e9vus, t\u00e9moins&hellip; Continue Reading &rarr;","og_url":"https:\/\/lamanere.fr\/evenement\/foire-dautomne-lamanere\/","og_site_name":"Laman\u00e8re - Lloc oficial del municipi","article_publisher":"https:\/\/www.facebook.com\/lamanere","og_image":[{"url":"https:\/\/lamanere.fr\/wp-content\/uploads\/2022\/10\/Foire-dautomne_affiche-v0-212x300.png","type":"","width":"","height":""}],"twitter_card":"summary_large_image","twitter_misc":{"Temps estimat de lectura":"1 minut"},"schema":{"@context":"https:\/\/schema.org","@graph":[{"@type":"WebPage","@id":"https:\/\/lamanere.fr\/evenement\/foire-dautomne-lamanere\/","url":"https:\/\/lamanere.fr\/evenement\/foire-dautomne-lamanere\/","name":"[:fr]FOIRE D'AUTOMNE LAMANERE[:] - Laman\u00e8re - Lloc oficial del municipi","isPartOf":{"@id":"https:\/\/lamanere.fr\/#website"},"primaryImageOfPage":{"@id":"https:\/\/lamanere.fr\/evenement\/foire-dautomne-lamanere\/#primaryimage"},"image":{"@id":"https:\/\/lamanere.fr\/evenement\/foire-dautomne-lamanere\/#primaryimage"},"thumbnailUrl":"https:\/\/lamanere.fr\/wp-content\/uploads\/2022\/10\/Foire-dautomne_affiche-v0-212x300.png","datePublished":"2022-10-24T11:27:33+00:00","breadcrumb":{"@id":"https:\/\/lamanere.fr\/evenement\/foire-dautomne-lamanere\/#breadcrumb"},"inLanguage":"ca","potentialAction":[{"@type":"ReadAction","target":["https:\/\/lamanere.fr\/evenement\/foire-dautomne-lamanere\/"]}]},{"@type":"ImageObject","inLanguage":"ca","@id":"https:\/\/lamanere.fr\/evenement\/foire-dautomne-lamanere\/#primaryimage","url":"https:\/\/lamanere.fr\/wp-content\/uploads\/2022\/10\/Foire-dautomne_affiche-v0-212x300.png","contentUrl":"https:\/\/lamanere.fr\/wp-content\/uploads\/2022\/10\/Foire-dautomne_affiche-v0-212x300.png"},{"@type":"BreadcrumbList","@id":"https:\/\/lamanere.fr\/evenement\/foire-dautomne-lamanere\/#breadcrumb","itemListElement":[{"@type":"ListItem","position":1,"name":"Accueil","item":"https:\/\/lamanere.fr\/"},{"@type":"ListItem","position":2,"name":"\u00c9v\u00e8nements","item":"https:\/\/lamanere.fr\/evenements\/"},{"@type":"ListItem","position":3,"name":"FOIRE D&#8217;AUTOMNE LAMANERE"}]},{"@type":"WebSite","@id":"https:\/\/lamanere.fr\/#website","url":"https:\/\/lamanere.fr\/","name":"Laman\u00e8re - Lloc oficial del municipi","description":"Poble m\u00e9s al sud de la Fran\u00e7a continental","publisher":{"@id":"https:\/\/lamanere.fr\/#organization"},"potentialAction":[{"@type":"SearchAction","target":{"@type":"EntryPoint","urlTemplate":"https:\/\/lamanere.fr\/?s={search_term_string}"},"query-input":{"@type":"PropertyValueSpecification","valueRequired":true,"valueName":"search_term_string"}}],"inLanguage":"ca"},{"@type":"Organization","@id":"https:\/\/lamanere.fr\/#organization","name":"Commune de Laman\u00e8re","url":"https:\/\/lamanere.fr\/","logo":{"@type":"ImageObject","inLanguage":"ca","@id":"https:\/\/lamanere.fr\/#\/schema\/logo\/image\/","url":"https:\/\/lamanere.fr\/wp-content\/uploads\/2020\/09\/logo2-149.jpg","contentUrl":"https:\/\/lamanere.fr\/wp-content\/uploads\/2020\/09\/logo2-149.jpg","width":149,"height":146,"caption":"Commune de Laman\u00e8re"},"image":{"@id":"https:\/\/lamanere.fr\/#\/schema\/logo\/image\/"},"sameAs":["https:\/\/www.facebook.com\/lamanere","https:\/\/fr.wikipedia.org\/wiki\/Laman\u00e8re"]}]}},"_links":{"self":[{"href":"https:\/\/lamanere.fr\/ca\/wp-json\/wp\/v2\/tribe_events\/2490"}],"collection":[{"href":"https:\/\/lamanere.fr\/ca\/wp-json\/wp\/v2\/tribe_events"}],"about":[{"href":"https:\/\/lamanere.fr\/ca\/wp-json\/wp\/v2\/types\/tribe_events"}],"author":[{"embeddable":true,"href":"https:\/\/lamanere.fr\/ca\/wp-json\/wp\/v2\/users\/2"}],"version-history":[{"count":1,"href":"https:\/\/lamanere.fr\/ca\/wp-json\/wp\/v2\/tribe_events\/2490\/revisions"}],"predecessor-version":[{"id":2491,"href":"https:\/\/lamanere.fr\/ca\/wp-json\/wp\/v2\/tribe_events\/2490\/revisions\/2491"}],"wp:attachment":[{"href":"https:\/\/lamanere.fr\/ca\/wp-json\/wp\/v2\/media?parent=2490"}],"wp:term":[{"taxonomy":"post_tag","embeddable":true,"href":"https:\/\/lamanere.fr\/ca\/wp-json\/wp\/v2\/tags?post=2490"},{"taxonomy":"tribe_events_cat","embeddable":true,"href":"https:\/\/lamanere.fr\/ca\/wp-json\/wp\/v2\/tribe_events_cat?post=2490"}],"curies":[{"name":"wp","href":"https:\/\/api.w.org\/{rel}","templated":true}]}}

<p class="qtranxs-available-languages-message qtranxs-available-languages-message-ca">Ho sentim, aquesta entrada es troba disponible únicament en <a href="https://lamanere.fr/fr/wp-json/wp/v2/tribe_events/2490" class="qtranxs-available-language-link qtranxs-available-language-link-fr" title="Français">Francès</a>.</p><p>La foire d’automne et le vide &#8211; greniers se tiendront à Lamanère le dimanche 30 octobre, sur la place du village et ses alentours immédiats.</p>
<p>De nombreux stands sont prévus, témoins du dynamisme de nos producteurs et artistes locaux : produits issus de l’agriculture biologique, vente de miel, foie gras, fromages de chèvre, vin, bière locale, pâtisseries, confitures, mais aussi créations artisanales de bijoux, tuiles peintes de Taulis, sans oublier comme l’an dernier des balades tout autour du village sur les ânes venus de Montferrer.</p>
<p>Pour ceux qui veulent se restaurer, un Food Truck installé sur la place, proposera des en-cas.</p>
<p>Espérons que le temps sera clément. Venez nombreux !</p>
<p><img loading="lazy" decoding="async" class="alignnone size-medium wp-image-2480 aligncenter" src="https://lamanere.fr/wp-content/uploads/2022/10/Foire-dautomne_affiche-v0-212x300.png" alt="" width="212" height="300" srcset="https://lamanere.fr/wp-content/uploads/2022/10/Foire-dautomne_affiche-v0-212x300.png 212w, https://lamanere.fr/wp-content/uploads/2022/10/Foire-dautomne_affiche-v0-724x1024.png 724w, https://lamanere.fr/wp-content/uploads/2022/10/Foire-dautomne_affiche-v0-768x1086.png 768w, https://lamanere.fr/wp-content/uploads/2022/10/Foire-dautomne_affiche-v0-1086x1536.png 1086w, https://lamanere.fr/wp-content/uploads/2022/10/Foire-dautomne_affiche-v0-1448x2048.png 1448w, https://lamanere.fr/wp-content/uploads/2022/10/Foire-dautomne_affiche-v0-339x480.png 339w, https://lamanere.fr/wp-content/uploads/2022/10/Foire-dautomne_affiche-v0.png 1587w" sizes="(max-width: 212px) 100vw, 212px" /></p>

<p>Ho sentim, aquesta entrada es troba disponible únicament en Francès.La foire d’automne et le vide &#8211; greniers se tiendront à Lamanère le dimanche 30 octobre, sur la place du village et ses alentours immédiats. De nombreux stands sont prévus, témoins&hellip; <a href="https://lamanere.fr/ca/evenement/foire-dautomne-lamanere/" class="more-link">Continue Reading <span class="meta-nav">&rarr;</span></a></p>

<!-- This site is optimized with the Yoast SEO plugin v27.5 - https://yoast.com/product/yoast-seo-wordpress/ -->
<title></title>
<meta name="robots" content="index, follow, max-snippet:-1, max-image-preview:large, max-video-preview:-1" />
<link rel="canonical" href="https://lamanere.fr/evenement/foire-dautomne-lamanere/" />
<meta property="og:locale" content="ca_ES" />
<meta property="og:type" content="article" />
<meta property="og:title" content="[:fr]FOIRE D&#039;AUTOMNE LAMANERE[:] - Lamanère - Lloc oficial del municipi" />
<meta property="og:description" content="Ho sentim, aquesta entrada es troba disponible únicament en Francès.La foire d’automne et le vide &#8211; greniers se tiendront à Lamanère le dimanche 30 octobre, sur la place du village et ses alentours immédiats. De nombreux stands sont prévus, témoins&hellip; Continue Reading &rarr;" />
<meta property="og:url" content="https://lamanere.fr/evenement/foire-dautomne-lamanere/" />
<meta property="og:site_name" content="Lamanère - Lloc oficial del municipi" />
<meta property="article:publisher" content="https://www.facebook.com/lamanere" />
<meta property="og:image" content="https://lamanere.fr/wp-content/uploads/2022/10/Foire-dautomne_affiche-v0-212x300.png" />
<meta name="twitter:card" content="summary_large_image" />
<meta name="twitter:label1" content="Temps estimat de lectura" />
	<meta name="twitter:data1" content="1 minut" />
<script type="application/ld+json" class="yoast-schema-graph">{"@context":"https:\/\/schema.org","@graph":[{"@type":"WebPage","@id":"https:\/\/lamanere.fr\/evenement\/foire-dautomne-lamanere\/","url":"https:\/\/lamanere.fr\/evenement\/foire-dautomne-lamanere\/","name":"[:fr]FOIRE D'AUTOMNE LAMANERE[:] - Lamanère - Lloc oficial del municipi","isPartOf":{"@id":"https:\/\/lamanere.fr\/#website"},"primaryImageOfPage":{"@id":"https:\/\/lamanere.fr\/evenement\/foire-dautomne-lamanere\/#primaryimage"},"image":{"@id":"https:\/\/lamanere.fr\/evenement\/foire-dautomne-lamanere\/#primaryimage"},"thumbnailUrl":"https:\/\/lamanere.fr\/wp-content\/uploads\/2022\/10\/Foire-dautomne_affiche-v0-212x300.png","datePublished":"2022-10-24T11:27:33+00:00","breadcrumb":{"@id":"https:\/\/lamanere.fr\/evenement\/foire-dautomne-lamanere\/#breadcrumb"},"inLanguage":"ca","potentialAction":[{"@type":"ReadAction","target":["https:\/\/lamanere.fr\/evenement\/foire-dautomne-lamanere\/"]}]},{"@type":"ImageObject","inLanguage":"ca","@id":"https:\/\/lamanere.fr\/evenement\/foire-dautomne-lamanere\/#primaryimage","url":"https:\/\/lamanere.fr\/wp-content\/uploads\/2022\/10\/Foire-dautomne_affiche-v0-212x300.png","contentUrl":"https:\/\/lamanere.fr\/wp-content\/uploads\/2022\/10\/Foire-dautomne_affiche-v0-212x300.png"},{"@type":"BreadcrumbList","@id":"https:\/\/lamanere.fr\/evenement\/foire-dautomne-lamanere\/#breadcrumb","itemListElement":[{"@type":"ListItem","position":1,"name":"Accueil","item":"https:\/\/lamanere.fr\/"},{"@type":"ListItem","position":2,"name":"Évènements","item":"https:\/\/lamanere.fr\/evenements\/"},{"@type":"ListItem","position":3,"name":"FOIRE D&#8217;AUTOMNE LAMANERE"}]},{"@type":"WebSite","@id":"https:\/\/lamanere.fr\/#website","url":"https:\/\/lamanere.fr\/","name":"Lamanère - Lloc oficial del municipi","description":"Poble més al sud de la França continental","publisher":{"@id":"https:\/\/lamanere.fr\/#organization"},"potentialAction":[{"@type":"SearchAction","target":{"@type":"EntryPoint","urlTemplate":"https:\/\/lamanere.fr\/?s={search_term_string}"},"query-input":{"@type":"PropertyValueSpecification","valueRequired":true,"valueName":"search_term_string"}}],"inLanguage":"ca"},{"@type":"Organization","@id":"https:\/\/lamanere.fr\/#organization","name":"Commune de Lamanère","url":"https:\/\/lamanere.fr\/","logo":{"@type":"ImageObject","inLanguage":"ca","@id":"https:\/\/lamanere.fr\/#\/schema\/logo\/image\/","url":"https:\/\/lamanere.fr\/wp-content\/uploads\/2020\/09\/logo2-149.jpg","contentUrl":"https:\/\/lamanere.fr\/wp-content\/uploads\/2020\/09\/logo2-149.jpg","width":149,"height":146,"caption":"Commune de Lamanère"},"image":{"@id":"https:\/\/lamanere.fr\/#\/schema\/logo\/image\/"},"sameAs":["https:\/\/www.facebook.com\/lamanere","https:\/\/fr.wikipedia.org\/wiki\/Lamanère"]}]}</script>
<!-- / Yoast SEO plugin. -->

[:fr]FOIRE D'AUTOMNE LAMANERE[:] - Lamanère - Lloc oficial del municipi

Ho sentim, aquesta entrada es troba disponible únicament en Francès.La foire d’automne et le vide &#8211; greniers se tiendront à Lamanère le dimanche 30 octobre, sur la place du village et ses alentours immédiats. De nombreux stands sont prévus, témoins&hellip; Continue Reading &rarr;

Lamanère - Lloc oficial del municipi

Évènements

Poble més al sud de la França continental

Commune de Lamanère

https://fr.wikipedia.org/wiki/Lamanère
