{"id":2492,"date":"2022-10-24T12:39:24","date_gmt":"2022-10-24T11:39:24","guid":{"rendered":"https:\/\/lamanere.fr\/?post_type=tribe_events&#038;p=2492"},"modified":"2022-10-24T12:39:24","modified_gmt":"2022-10-24T11:39:24","slug":"vide-greniers-lamanere","status":"publish","type":"tribe_events","link":"https:\/\/lamanere.fr\/en\/evenement\/vide-greniers-lamanere\/","title":{"rendered":"VIDE &#8211; GRENIERS LAMANERE"},"content":{"rendered":"<p class=\"qtranxs-available-languages-message qtranxs-available-languages-message-en\">Sorry, this entry is only available in <a href=\"https:\/\/lamanere.fr\/fr\/wp-json\/wp\/v2\/tribe_events\/2492\" class=\"qtranxs-available-language-link qtranxs-available-language-link-fr\" title=\"Fran\u00e7ais\">French<\/a>.<\/p><p>Bonjour,<\/p>\n<p>Un vide-greniers est organis\u00e9 \u00e0 l\u2019occasion de la Foire d\u2019Automne, qui se tiendra \u00e0 Laman\u00e8re le dimanche 30 octobre 2022<\/p>\n<p><strong>Pour les personnes int\u00e9ress\u00e9es, merci de s\u2019inscrire \u00e0 la Mairie de Laman\u00e8re (04 68 39 62 52)<\/strong><\/p>\n<p><img loading=\"lazy\" decoding=\"async\" class=\"size-medium wp-image-2480 aligncenter\" src=\"https:\/\/lamanere.fr\/wp-content\/uploads\/2022\/10\/Foire-dautomne_affiche-v0-212x300.png\" alt=\"\" width=\"212\" height=\"300\" srcset=\"https:\/\/lamanere.fr\/wp-content\/uploads\/2022\/10\/Foire-dautomne_affiche-v0-212x300.png 212w, https:\/\/lamanere.fr\/wp-content\/uploads\/2022\/10\/Foire-dautomne_affiche-v0-724x1024.png 724w, https:\/\/lamanere.fr\/wp-content\/uploads\/2022\/10\/Foire-dautomne_affiche-v0-768x1086.png 768w, https:\/\/lamanere.fr\/wp-content\/uploads\/2022\/10\/Foire-dautomne_affiche-v0-1086x1536.png 1086w, https:\/\/lamanere.fr\/wp-content\/uploads\/2022\/10\/Foire-dautomne_affiche-v0-1448x2048.png 1448w, https:\/\/lamanere.fr\/wp-content\/uploads\/2022\/10\/Foire-dautomne_affiche-v0-339x480.png 339w, https:\/\/lamanere.fr\/wp-content\/uploads\/2022\/10\/Foire-dautomne_affiche-v0.png 1587w\" sizes=\"(max-width: 212px) 100vw, 212px\" \/><\/p>","protected":false},"excerpt":{"rendered":"<p>Sorry, this entry is only available in French.Bonjour, Un vide-greniers est organis\u00e9 \u00e0 l\u2019occasion de la Foire d\u2019Automne, qui se tiendra \u00e0 Laman\u00e8re le dimanche 30 octobre 2022 Pour les personnes int\u00e9ress\u00e9es, merci de s\u2019inscrire \u00e0 la Mairie de Laman\u00e8re&hellip; <a href=\"https:\/\/lamanere.fr\/en\/evenement\/vide-greniers-lamanere\/\" class=\"more-link\">Continue Reading <span class=\"meta-nav\">&rarr;<\/span><\/a><\/p>\n","protected":false},"author":2,"featured_media":0,"template":"","meta":{"_tribe_events_status":"","_tribe_events_status_reason":""},"tags":[],"tribe_events_cat":[],"yoast_head":"<!-- This site is optimized with the Yoast SEO plugin v27.5 - https:\/\/yoast.com\/product\/yoast-seo-wordpress\/ -->\n<title><\/title>\n<meta name=\"robots\" content=\"index, follow, max-snippet:-1, max-image-preview:large, max-video-preview:-1\" \/>\n<link rel=\"canonical\" href=\"https:\/\/lamanere.fr\/evenement\/vide-greniers-lamanere\/\" \/>\n<meta property=\"og:locale\" content=\"en_US\" \/>\n<meta property=\"og:type\" content=\"article\" \/>\n<meta property=\"og:title\" content=\"[:fr]VIDE - GRENIERS LAMANERE [:] - Laman\u00e8re - Official Site of the Municipality\" \/>\n<meta property=\"og:description\" content=\"Sorry, this entry is only available in French.Bonjour, Un vide-greniers est organis\u00e9 \u00e0 l\u2019occasion de la Foire d\u2019Automne, qui se tiendra \u00e0 Laman\u00e8re le dimanche 30 octobre 2022 Pour les personnes int\u00e9ress\u00e9es, merci de s\u2019inscrire \u00e0 la Mairie de Laman\u00e8re&hellip; Continue Reading &rarr;\" \/>\n<meta property=\"og:url\" content=\"https:\/\/lamanere.fr\/evenement\/vide-greniers-lamanere\/\" \/>\n<meta property=\"og:site_name\" content=\"Laman\u00e8re - Official Site of the Municipality\" \/>\n<meta property=\"article:publisher\" content=\"https:\/\/www.facebook.com\/lamanere\" \/>\n<meta property=\"og:image\" content=\"https:\/\/lamanere.fr\/wp-content\/uploads\/2022\/10\/Foire-dautomne_affiche-v0-212x300.png\" \/>\n<meta name=\"twitter:card\" content=\"summary_large_image\" \/>\n<meta name=\"twitter:label1\" content=\"Est. reading time\" \/>\n\t<meta name=\"twitter:data1\" content=\"1 minute\" \/>\n<script type=\"application\/ld+json\" class=\"yoast-schema-graph\">{\"@context\":\"https:\\\/\\\/schema.org\",\"@graph\":[{\"@type\":\"WebPage\",\"@id\":\"https:\\\/\\\/lamanere.fr\\\/evenement\\\/vide-greniers-lamanere\\\/\",\"url\":\"https:\\\/\\\/lamanere.fr\\\/evenement\\\/vide-greniers-lamanere\\\/\",\"name\":\"[:fr]VIDE - GRENIERS LAMANERE [:] - Laman\u00e8re - Official Site of the Municipality\",\"isPartOf\":{\"@id\":\"https:\\\/\\\/lamanere.fr\\\/#website\"},\"primaryImageOfPage\":{\"@id\":\"https:\\\/\\\/lamanere.fr\\\/evenement\\\/vide-greniers-lamanere\\\/#primaryimage\"},\"image\":{\"@id\":\"https:\\\/\\\/lamanere.fr\\\/evenement\\\/vide-greniers-lamanere\\\/#primaryimage\"},\"thumbnailUrl\":\"https:\\\/\\\/lamanere.fr\\\/wp-content\\\/uploads\\\/2022\\\/10\\\/Foire-dautomne_affiche-v0-212x300.png\",\"datePublished\":\"2022-10-24T11:39:24+00:00\",\"breadcrumb\":{\"@id\":\"https:\\\/\\\/lamanere.fr\\\/evenement\\\/vide-greniers-lamanere\\\/#breadcrumb\"},\"inLanguage\":\"en-US\",\"potentialAction\":[{\"@type\":\"ReadAction\",\"target\":[\"https:\\\/\\\/lamanere.fr\\\/evenement\\\/vide-greniers-lamanere\\\/\"]}]},{\"@type\":\"ImageObject\",\"inLanguage\":\"en-US\",\"@id\":\"https:\\\/\\\/lamanere.fr\\\/evenement\\\/vide-greniers-lamanere\\\/#primaryimage\",\"url\":\"https:\\\/\\\/lamanere.fr\\\/wp-content\\\/uploads\\\/2022\\\/10\\\/Foire-dautomne_affiche-v0-212x300.png\",\"contentUrl\":\"https:\\\/\\\/lamanere.fr\\\/wp-content\\\/uploads\\\/2022\\\/10\\\/Foire-dautomne_affiche-v0-212x300.png\"},{\"@type\":\"BreadcrumbList\",\"@id\":\"https:\\\/\\\/lamanere.fr\\\/evenement\\\/vide-greniers-lamanere\\\/#breadcrumb\",\"itemListElement\":[{\"@type\":\"ListItem\",\"position\":1,\"name\":\"Accueil\",\"item\":\"https:\\\/\\\/lamanere.fr\\\/\"},{\"@type\":\"ListItem\",\"position\":2,\"name\":\"\u00c9v\u00e8nements\",\"item\":\"https:\\\/\\\/lamanere.fr\\\/evenements\\\/\"},{\"@type\":\"ListItem\",\"position\":3,\"name\":\"VIDE &#8211; GRENIERS LAMANERE\"}]},{\"@type\":\"WebSite\",\"@id\":\"https:\\\/\\\/lamanere.fr\\\/#website\",\"url\":\"https:\\\/\\\/lamanere.fr\\\/\",\"name\":\"Laman\u00e8re - Official Site of the Municipality\",\"description\":\"Southernmost village in mainland France\",\"publisher\":{\"@id\":\"https:\\\/\\\/lamanere.fr\\\/#organization\"},\"potentialAction\":[{\"@type\":\"SearchAction\",\"target\":{\"@type\":\"EntryPoint\",\"urlTemplate\":\"https:\\\/\\\/lamanere.fr\\\/?s={search_term_string}\"},\"query-input\":{\"@type\":\"PropertyValueSpecification\",\"valueRequired\":true,\"valueName\":\"search_term_string\"}}],\"inLanguage\":\"en-US\"},{\"@type\":\"Organization\",\"@id\":\"https:\\\/\\\/lamanere.fr\\\/#organization\",\"name\":\"Commune de Laman\u00e8re\",\"url\":\"https:\\\/\\\/lamanere.fr\\\/\",\"logo\":{\"@type\":\"ImageObject\",\"inLanguage\":\"en-US\",\"@id\":\"https:\\\/\\\/lamanere.fr\\\/#\\\/schema\\\/logo\\\/image\\\/\",\"url\":\"https:\\\/\\\/lamanere.fr\\\/wp-content\\\/uploads\\\/2020\\\/09\\\/logo2-149.jpg\",\"contentUrl\":\"https:\\\/\\\/lamanere.fr\\\/wp-content\\\/uploads\\\/2020\\\/09\\\/logo2-149.jpg\",\"width\":149,\"height\":146,\"caption\":\"Commune de Laman\u00e8re\"},\"image\":{\"@id\":\"https:\\\/\\\/lamanere.fr\\\/#\\\/schema\\\/logo\\\/image\\\/\"},\"sameAs\":[\"https:\\\/\\\/www.facebook.com\\\/lamanere\",\"https:\\\/\\\/fr.wikipedia.org\\\/wiki\\\/Laman\u00e8re\"]}]}<\/script>\n<!-- \/ Yoast SEO plugin. -->","yoast_head_json":{"title":"[:fr]VIDE - GRENIERS LAMANERE [:] - Laman\u00e8re - Official Site of the Municipality","robots":{"index":"index","follow":"follow","max-snippet":"max-snippet:-1","max-image-preview":"max-image-preview:large","max-video-preview":"max-video-preview:-1"},"canonical":"https:\/\/lamanere.fr\/evenement\/vide-greniers-lamanere\/","og_locale":"en_US","og_type":"article","og_title":"[:fr]VIDE - GRENIERS LAMANERE [:] - Laman\u00e8re - Official Site of the Municipality","og_description":"Sorry, this entry is only available in French.Bonjour, Un vide-greniers est organis\u00e9 \u00e0 l\u2019occasion de la Foire d\u2019Automne, qui se tiendra \u00e0 Laman\u00e8re le dimanche 30 octobre 2022 Pour les personnes int\u00e9ress\u00e9es, merci de s\u2019inscrire \u00e0 la Mairie de Laman\u00e8re&hellip; Continue Reading &rarr;","og_url":"https:\/\/lamanere.fr\/evenement\/vide-greniers-lamanere\/","og_site_name":"Laman\u00e8re - Official Site of the Municipality","article_publisher":"https:\/\/www.facebook.com\/lamanere","og_image":[{"url":"https:\/\/lamanere.fr\/wp-content\/uploads\/2022\/10\/Foire-dautomne_affiche-v0-212x300.png","type":"","width":"","height":""}],"twitter_card":"summary_large_image","twitter_misc":{"Est. reading time":"1 minute"},"schema":{"@context":"https:\/\/schema.org","@graph":[{"@type":"WebPage","@id":"https:\/\/lamanere.fr\/evenement\/vide-greniers-lamanere\/","url":"https:\/\/lamanere.fr\/evenement\/vide-greniers-lamanere\/","name":"[:fr]VIDE - GRENIERS LAMANERE [:] - Laman\u00e8re - Official Site of the Municipality","isPartOf":{"@id":"https:\/\/lamanere.fr\/#website"},"primaryImageOfPage":{"@id":"https:\/\/lamanere.fr\/evenement\/vide-greniers-lamanere\/#primaryimage"},"image":{"@id":"https:\/\/lamanere.fr\/evenement\/vide-greniers-lamanere\/#primaryimage"},"thumbnailUrl":"https:\/\/lamanere.fr\/wp-content\/uploads\/2022\/10\/Foire-dautomne_affiche-v0-212x300.png","datePublished":"2022-10-24T11:39:24+00:00","breadcrumb":{"@id":"https:\/\/lamanere.fr\/evenement\/vide-greniers-lamanere\/#breadcrumb"},"inLanguage":"en-US","potentialAction":[{"@type":"ReadAction","target":["https:\/\/lamanere.fr\/evenement\/vide-greniers-lamanere\/"]}]},{"@type":"ImageObject","inLanguage":"en-US","@id":"https:\/\/lamanere.fr\/evenement\/vide-greniers-lamanere\/#primaryimage","url":"https:\/\/lamanere.fr\/wp-content\/uploads\/2022\/10\/Foire-dautomne_affiche-v0-212x300.png","contentUrl":"https:\/\/lamanere.fr\/wp-content\/uploads\/2022\/10\/Foire-dautomne_affiche-v0-212x300.png"},{"@type":"BreadcrumbList","@id":"https:\/\/lamanere.fr\/evenement\/vide-greniers-lamanere\/#breadcrumb","itemListElement":[{"@type":"ListItem","position":1,"name":"Accueil","item":"https:\/\/lamanere.fr\/"},{"@type":"ListItem","position":2,"name":"\u00c9v\u00e8nements","item":"https:\/\/lamanere.fr\/evenements\/"},{"@type":"ListItem","position":3,"name":"VIDE &#8211; GRENIERS LAMANERE"}]},{"@type":"WebSite","@id":"https:\/\/lamanere.fr\/#website","url":"https:\/\/lamanere.fr\/","name":"Laman\u00e8re - Official Site of the Municipality","description":"Southernmost village in mainland France","publisher":{"@id":"https:\/\/lamanere.fr\/#organization"},"potentialAction":[{"@type":"SearchAction","target":{"@type":"EntryPoint","urlTemplate":"https:\/\/lamanere.fr\/?s={search_term_string}"},"query-input":{"@type":"PropertyValueSpecification","valueRequired":true,"valueName":"search_term_string"}}],"inLanguage":"en-US"},{"@type":"Organization","@id":"https:\/\/lamanere.fr\/#organization","name":"Commune de Laman\u00e8re","url":"https:\/\/lamanere.fr\/","logo":{"@type":"ImageObject","inLanguage":"en-US","@id":"https:\/\/lamanere.fr\/#\/schema\/logo\/image\/","url":"https:\/\/lamanere.fr\/wp-content\/uploads\/2020\/09\/logo2-149.jpg","contentUrl":"https:\/\/lamanere.fr\/wp-content\/uploads\/2020\/09\/logo2-149.jpg","width":149,"height":146,"caption":"Commune de Laman\u00e8re"},"image":{"@id":"https:\/\/lamanere.fr\/#\/schema\/logo\/image\/"},"sameAs":["https:\/\/www.facebook.com\/lamanere","https:\/\/fr.wikipedia.org\/wiki\/Laman\u00e8re"]}]}},"_links":{"self":[{"href":"https:\/\/lamanere.fr\/en\/wp-json\/wp\/v2\/tribe_events\/2492"}],"collection":[{"href":"https:\/\/lamanere.fr\/en\/wp-json\/wp\/v2\/tribe_events"}],"about":[{"href":"https:\/\/lamanere.fr\/en\/wp-json\/wp\/v2\/types\/tribe_events"}],"author":[{"embeddable":true,"href":"https:\/\/lamanere.fr\/en\/wp-json\/wp\/v2\/users\/2"}],"version-history":[{"count":1,"href":"https:\/\/lamanere.fr\/en\/wp-json\/wp\/v2\/tribe_events\/2492\/revisions"}],"predecessor-version":[{"id":2493,"href":"https:\/\/lamanere.fr\/en\/wp-json\/wp\/v2\/tribe_events\/2492\/revisions\/2493"}],"wp:attachment":[{"href":"https:\/\/lamanere.fr\/en\/wp-json\/wp\/v2\/media?parent=2492"}],"wp:term":[{"taxonomy":"post_tag","embeddable":true,"href":"https:\/\/lamanere.fr\/en\/wp-json\/wp\/v2\/tags?post=2492"},{"taxonomy":"tribe_events_cat","embeddable":true,"href":"https:\/\/lamanere.fr\/en\/wp-json\/wp\/v2\/tribe_events_cat?post=2492"}],"curies":[{"name":"wp","href":"https:\/\/api.w.org\/{rel}","templated":true}]}}

<p class="qtranxs-available-languages-message qtranxs-available-languages-message-en">Sorry, this entry is only available in <a href="https://lamanere.fr/fr/wp-json/wp/v2/tribe_events/2492" class="qtranxs-available-language-link qtranxs-available-language-link-fr" title="Français">French</a>.</p><p>Bonjour,</p>
<p>Un vide-greniers est organisé à l’occasion de la Foire d’Automne, qui se tiendra à Lamanère le dimanche 30 octobre 2022</p>
<p><strong>Pour les personnes intéressées, merci de s’inscrire à la Mairie de Lamanère (04 68 39 62 52)</strong></p>
<p><img loading="lazy" decoding="async" class="size-medium wp-image-2480 aligncenter" src="https://lamanere.fr/wp-content/uploads/2022/10/Foire-dautomne_affiche-v0-212x300.png" alt="" width="212" height="300" srcset="https://lamanere.fr/wp-content/uploads/2022/10/Foire-dautomne_affiche-v0-212x300.png 212w, https://lamanere.fr/wp-content/uploads/2022/10/Foire-dautomne_affiche-v0-724x1024.png 724w, https://lamanere.fr/wp-content/uploads/2022/10/Foire-dautomne_affiche-v0-768x1086.png 768w, https://lamanere.fr/wp-content/uploads/2022/10/Foire-dautomne_affiche-v0-1086x1536.png 1086w, https://lamanere.fr/wp-content/uploads/2022/10/Foire-dautomne_affiche-v0-1448x2048.png 1448w, https://lamanere.fr/wp-content/uploads/2022/10/Foire-dautomne_affiche-v0-339x480.png 339w, https://lamanere.fr/wp-content/uploads/2022/10/Foire-dautomne_affiche-v0.png 1587w" sizes="(max-width: 212px) 100vw, 212px" /></p>

<p>Sorry, this entry is only available in French.Bonjour, Un vide-greniers est organisé à l’occasion de la Foire d’Automne, qui se tiendra à Lamanère le dimanche 30 octobre 2022 Pour les personnes intéressées, merci de s’inscrire à la Mairie de Lamanère&hellip; <a href="https://lamanere.fr/en/evenement/vide-greniers-lamanere/" class="more-link">Continue Reading <span class="meta-nav">&rarr;</span></a></p>

<!-- This site is optimized with the Yoast SEO plugin v27.5 - https://yoast.com/product/yoast-seo-wordpress/ -->
<title></title>
<meta name="robots" content="index, follow, max-snippet:-1, max-image-preview:large, max-video-preview:-1" />
<link rel="canonical" href="https://lamanere.fr/evenement/vide-greniers-lamanere/" />
<meta property="og:locale" content="en_US" />
<meta property="og:type" content="article" />
<meta property="og:title" content="[:fr]VIDE - GRENIERS LAMANERE [:] - Lamanère - Official Site of the Municipality" />
<meta property="og:description" content="Sorry, this entry is only available in French.Bonjour, Un vide-greniers est organisé à l’occasion de la Foire d’Automne, qui se tiendra à Lamanère le dimanche 30 octobre 2022 Pour les personnes intéressées, merci de s’inscrire à la Mairie de Lamanère&hellip; Continue Reading &rarr;" />
<meta property="og:url" content="https://lamanere.fr/evenement/vide-greniers-lamanere/" />
<meta property="og:site_name" content="Lamanère - Official Site of the Municipality" />
<meta property="article:publisher" content="https://www.facebook.com/lamanere" />
<meta property="og:image" content="https://lamanere.fr/wp-content/uploads/2022/10/Foire-dautomne_affiche-v0-212x300.png" />
<meta name="twitter:card" content="summary_large_image" />
<meta name="twitter:label1" content="Est. reading time" />
	<meta name="twitter:data1" content="1 minute" />
<script type="application/ld+json" class="yoast-schema-graph">{"@context":"https:\/\/schema.org","@graph":[{"@type":"WebPage","@id":"https:\/\/lamanere.fr\/evenement\/vide-greniers-lamanere\/","url":"https:\/\/lamanere.fr\/evenement\/vide-greniers-lamanere\/","name":"[:fr]VIDE - GRENIERS LAMANERE [:] - Lamanère - Official Site of the Municipality","isPartOf":{"@id":"https:\/\/lamanere.fr\/#website"},"primaryImageOfPage":{"@id":"https:\/\/lamanere.fr\/evenement\/vide-greniers-lamanere\/#primaryimage"},"image":{"@id":"https:\/\/lamanere.fr\/evenement\/vide-greniers-lamanere\/#primaryimage"},"thumbnailUrl":"https:\/\/lamanere.fr\/wp-content\/uploads\/2022\/10\/Foire-dautomne_affiche-v0-212x300.png","datePublished":"2022-10-24T11:39:24+00:00","breadcrumb":{"@id":"https:\/\/lamanere.fr\/evenement\/vide-greniers-lamanere\/#breadcrumb"},"inLanguage":"en-US","potentialAction":[{"@type":"ReadAction","target":["https:\/\/lamanere.fr\/evenement\/vide-greniers-lamanere\/"]}]},{"@type":"ImageObject","inLanguage":"en-US","@id":"https:\/\/lamanere.fr\/evenement\/vide-greniers-lamanere\/#primaryimage","url":"https:\/\/lamanere.fr\/wp-content\/uploads\/2022\/10\/Foire-dautomne_affiche-v0-212x300.png","contentUrl":"https:\/\/lamanere.fr\/wp-content\/uploads\/2022\/10\/Foire-dautomne_affiche-v0-212x300.png"},{"@type":"BreadcrumbList","@id":"https:\/\/lamanere.fr\/evenement\/vide-greniers-lamanere\/#breadcrumb","itemListElement":[{"@type":"ListItem","position":1,"name":"Accueil","item":"https:\/\/lamanere.fr\/"},{"@type":"ListItem","position":2,"name":"Évènements","item":"https:\/\/lamanere.fr\/evenements\/"},{"@type":"ListItem","position":3,"name":"VIDE &#8211; GRENIERS LAMANERE"}]},{"@type":"WebSite","@id":"https:\/\/lamanere.fr\/#website","url":"https:\/\/lamanere.fr\/","name":"Lamanère - Official Site of the Municipality","description":"Southernmost village in mainland France","publisher":{"@id":"https:\/\/lamanere.fr\/#organization"},"potentialAction":[{"@type":"SearchAction","target":{"@type":"EntryPoint","urlTemplate":"https:\/\/lamanere.fr\/?s={search_term_string}"},"query-input":{"@type":"PropertyValueSpecification","valueRequired":true,"valueName":"search_term_string"}}],"inLanguage":"en-US"},{"@type":"Organization","@id":"https:\/\/lamanere.fr\/#organization","name":"Commune de Lamanère","url":"https:\/\/lamanere.fr\/","logo":{"@type":"ImageObject","inLanguage":"en-US","@id":"https:\/\/lamanere.fr\/#\/schema\/logo\/image\/","url":"https:\/\/lamanere.fr\/wp-content\/uploads\/2020\/09\/logo2-149.jpg","contentUrl":"https:\/\/lamanere.fr\/wp-content\/uploads\/2020\/09\/logo2-149.jpg","width":149,"height":146,"caption":"Commune de Lamanère"},"image":{"@id":"https:\/\/lamanere.fr\/#\/schema\/logo\/image\/"},"sameAs":["https:\/\/www.facebook.com\/lamanere","https:\/\/fr.wikipedia.org\/wiki\/Lamanère"]}]}</script>
<!-- / Yoast SEO plugin. -->

[:fr]VIDE - GRENIERS LAMANERE [:] - Lamanère - Official Site of the Municipality

Sorry, this entry is only available in French.Bonjour, Un vide-greniers est organisé à l’occasion de la Foire d’Automne, qui se tiendra à Lamanère le dimanche 30 octobre 2022 Pour les personnes intéressées, merci de s’inscrire à la Mairie de Lamanère&hellip; Continue Reading &rarr;

Lamanère - Official Site of the Municipality

Évènements

Commune de Lamanère

https://fr.wikipedia.org/wiki/Lamanère
