{"id":558,"date":"2020-09-15T12:36:42","date_gmt":"2020-09-15T11:36:42","guid":{"rendered":"https:\/\/lamanere.fr\/?post_type=tribe_events&#038;p=558"},"modified":"2020-09-15T12:38:38","modified_gmt":"2020-09-15T11:38:38","slug":"visite-dalain-auteur-compositeur-interprete-de-chansons-francaises","status":"publish","type":"tribe_events","link":"https:\/\/lamanere.fr\/en\/evenement\/visite-dalain-auteur-compositeur-interprete-de-chansons-francaises\/","title":{"rendered":"Visite d&#8217;Alain, auteur &#8211; compositeur &#8211; interpr\u00e8te de chansons fran\u00e7aises"},"content":{"rendered":"<p class=\"qtranxs-available-languages-message qtranxs-available-languages-message-en\">Sorry, this entry is only available in <a href=\"https:\/\/lamanere.fr\/fr\/wp-json\/wp\/v2\/tribe_events\/558\" class=\"qtranxs-available-language-link qtranxs-available-language-link-fr\" title=\"Fran\u00e7ais\">French<\/a>.<\/p><p><\/p>\n<p style=\"text-align: left;\">Alain, qui traverse la France en v\u00e9lo, viendra nous rendre visite \u00e0 Laman\u00e8re le samedi 10 octobre 2020<\/p>\n<p><img loading=\"lazy\" decoding=\"async\" class=\"size-medium wp-image-562 alignleft\" src=\"https:\/\/lamanere.fr\/wp-content\/uploads\/2020\/09\/Alain-Charrier-1-216x300.jpg\" alt=\"\" width=\"216\" height=\"300\" srcset=\"https:\/\/lamanere.fr\/wp-content\/uploads\/2020\/09\/Alain-Charrier-1-216x300.jpg 216w, https:\/\/lamanere.fr\/wp-content\/uploads\/2020\/09\/Alain-Charrier-1-737x1024.jpg 737w, https:\/\/lamanere.fr\/wp-content\/uploads\/2020\/09\/Alain-Charrier-1-768x1068.jpg 768w, https:\/\/lamanere.fr\/wp-content\/uploads\/2020\/09\/Alain-Charrier-1-1105x1536.jpg 1105w, https:\/\/lamanere.fr\/wp-content\/uploads\/2020\/09\/Alain-Charrier-1-1473x2048.jpg 1473w, https:\/\/lamanere.fr\/wp-content\/uploads\/2020\/09\/Alain-Charrier-1-scaled.jpg 1842w\" sizes=\"(max-width: 216px) 100vw, 216px\" \/><\/p>","protected":false},"excerpt":{"rendered":"<p>Sorry, this entry is only available in French. Alain, qui traverse la France en v\u00e9lo, viendra nous rendre visite \u00e0 Laman\u00e8re le samedi 10 octobre 2020<\/p>\n","protected":false},"author":2,"featured_media":0,"template":"","meta":{"_tribe_events_status":"","_tribe_events_status_reason":""},"tags":[],"tribe_events_cat":[],"yoast_head":"<!-- This site is optimized with the Yoast SEO plugin v27.5 - https:\/\/yoast.com\/product\/yoast-seo-wordpress\/ -->\n<title><\/title>\n<meta name=\"robots\" content=\"index, follow, max-snippet:-1, max-image-preview:large, max-video-preview:-1\" \/>\n<link rel=\"canonical\" href=\"https:\/\/lamanere.fr\/evenement\/visite-dalain-auteur-compositeur-interprete-de-chansons-francaises\/\" \/>\n<meta property=\"og:locale\" content=\"en_US\" \/>\n<meta property=\"og:type\" content=\"article\" \/>\n<meta property=\"og:title\" content=\"[:fr]Visite d&#039;Alain, auteur - compositeur - interpr\u00e8te de chansons fran\u00e7aises[:] - Laman\u00e8re - Official Site of the Municipality\" \/>\n<meta property=\"og:description\" content=\"Sorry, this entry is only available in French. Alain, qui traverse la France en v\u00e9lo, viendra nous rendre visite \u00e0 Laman\u00e8re le samedi 10 octobre 2020\" \/>\n<meta property=\"og:url\" content=\"https:\/\/lamanere.fr\/evenement\/visite-dalain-auteur-compositeur-interprete-de-chansons-francaises\/\" \/>\n<meta property=\"og:site_name\" content=\"Laman\u00e8re - Official Site of the Municipality\" \/>\n<meta property=\"article:publisher\" content=\"https:\/\/www.facebook.com\/lamanere\" \/>\n<meta property=\"article:modified_time\" content=\"2020-09-15T11:38:38+00:00\" \/>\n<meta property=\"og:image\" content=\"https:\/\/lamanere.fr\/wp-content\/uploads\/2020\/09\/Alain-Charrier-1-216x300.jpg\" \/>\n<meta name=\"twitter:card\" content=\"summary_large_image\" \/>\n<script type=\"application\/ld+json\" class=\"yoast-schema-graph\">{\"@context\":\"https:\\\/\\\/schema.org\",\"@graph\":[{\"@type\":\"WebPage\",\"@id\":\"https:\\\/\\\/lamanere.fr\\\/evenement\\\/visite-dalain-auteur-compositeur-interprete-de-chansons-francaises\\\/\",\"url\":\"https:\\\/\\\/lamanere.fr\\\/evenement\\\/visite-dalain-auteur-compositeur-interprete-de-chansons-francaises\\\/\",\"name\":\"[:fr]Visite d'Alain, auteur - compositeur - interpr\u00e8te de chansons fran\u00e7aises[:] - Laman\u00e8re - Official Site of the Municipality\",\"isPartOf\":{\"@id\":\"https:\\\/\\\/lamanere.fr\\\/#website\"},\"primaryImageOfPage\":{\"@id\":\"https:\\\/\\\/lamanere.fr\\\/evenement\\\/visite-dalain-auteur-compositeur-interprete-de-chansons-francaises\\\/#primaryimage\"},\"image\":{\"@id\":\"https:\\\/\\\/lamanere.fr\\\/evenement\\\/visite-dalain-auteur-compositeur-interprete-de-chansons-francaises\\\/#primaryimage\"},\"thumbnailUrl\":\"https:\\\/\\\/lamanere.fr\\\/wp-content\\\/uploads\\\/2020\\\/09\\\/Alain-Charrier-1-216x300.jpg\",\"datePublished\":\"2020-09-15T11:36:42+00:00\",\"dateModified\":\"2020-09-15T11:38:38+00:00\",\"breadcrumb\":{\"@id\":\"https:\\\/\\\/lamanere.fr\\\/evenement\\\/visite-dalain-auteur-compositeur-interprete-de-chansons-francaises\\\/#breadcrumb\"},\"inLanguage\":\"en-US\",\"potentialAction\":[{\"@type\":\"ReadAction\",\"target\":[\"https:\\\/\\\/lamanere.fr\\\/evenement\\\/visite-dalain-auteur-compositeur-interprete-de-chansons-francaises\\\/\"]}]},{\"@type\":\"ImageObject\",\"inLanguage\":\"en-US\",\"@id\":\"https:\\\/\\\/lamanere.fr\\\/evenement\\\/visite-dalain-auteur-compositeur-interprete-de-chansons-francaises\\\/#primaryimage\",\"url\":\"https:\\\/\\\/lamanere.fr\\\/wp-content\\\/uploads\\\/2020\\\/09\\\/Alain-Charrier-1-216x300.jpg\",\"contentUrl\":\"https:\\\/\\\/lamanere.fr\\\/wp-content\\\/uploads\\\/2020\\\/09\\\/Alain-Charrier-1-216x300.jpg\"},{\"@type\":\"BreadcrumbList\",\"@id\":\"https:\\\/\\\/lamanere.fr\\\/evenement\\\/visite-dalain-auteur-compositeur-interprete-de-chansons-francaises\\\/#breadcrumb\",\"itemListElement\":[{\"@type\":\"ListItem\",\"position\":1,\"name\":\"Accueil\",\"item\":\"https:\\\/\\\/lamanere.fr\\\/\"},{\"@type\":\"ListItem\",\"position\":2,\"name\":\"\u00c9v\u00e8nements\",\"item\":\"https:\\\/\\\/lamanere.fr\\\/evenements\\\/\"},{\"@type\":\"ListItem\",\"position\":3,\"name\":\"Visite d&#8217;Alain, auteur &#8211; compositeur &#8211; interpr\u00e8te de chansons fran\u00e7aises\"}]},{\"@type\":\"WebSite\",\"@id\":\"https:\\\/\\\/lamanere.fr\\\/#website\",\"url\":\"https:\\\/\\\/lamanere.fr\\\/\",\"name\":\"Laman\u00e8re - Official Site of the Municipality\",\"description\":\"Southernmost village in mainland France\",\"publisher\":{\"@id\":\"https:\\\/\\\/lamanere.fr\\\/#organization\"},\"potentialAction\":[{\"@type\":\"SearchAction\",\"target\":{\"@type\":\"EntryPoint\",\"urlTemplate\":\"https:\\\/\\\/lamanere.fr\\\/?s={search_term_string}\"},\"query-input\":{\"@type\":\"PropertyValueSpecification\",\"valueRequired\":true,\"valueName\":\"search_term_string\"}}],\"inLanguage\":\"en-US\"},{\"@type\":\"Organization\",\"@id\":\"https:\\\/\\\/lamanere.fr\\\/#organization\",\"name\":\"Commune de Laman\u00e8re\",\"url\":\"https:\\\/\\\/lamanere.fr\\\/\",\"logo\":{\"@type\":\"ImageObject\",\"inLanguage\":\"en-US\",\"@id\":\"https:\\\/\\\/lamanere.fr\\\/#\\\/schema\\\/logo\\\/image\\\/\",\"url\":\"https:\\\/\\\/lamanere.fr\\\/wp-content\\\/uploads\\\/2020\\\/09\\\/logo2-149.jpg\",\"contentUrl\":\"https:\\\/\\\/lamanere.fr\\\/wp-content\\\/uploads\\\/2020\\\/09\\\/logo2-149.jpg\",\"width\":149,\"height\":146,\"caption\":\"Commune de Laman\u00e8re\"},\"image\":{\"@id\":\"https:\\\/\\\/lamanere.fr\\\/#\\\/schema\\\/logo\\\/image\\\/\"},\"sameAs\":[\"https:\\\/\\\/www.facebook.com\\\/lamanere\",\"https:\\\/\\\/fr.wikipedia.org\\\/wiki\\\/Laman\u00e8re\"]}]}<\/script>\n<!-- \/ Yoast SEO plugin. -->","yoast_head_json":{"title":"[:fr]Visite d'Alain, auteur - compositeur - interpr\u00e8te de chansons fran\u00e7aises[:] - Laman\u00e8re - Official Site of the Municipality","robots":{"index":"index","follow":"follow","max-snippet":"max-snippet:-1","max-image-preview":"max-image-preview:large","max-video-preview":"max-video-preview:-1"},"canonical":"https:\/\/lamanere.fr\/evenement\/visite-dalain-auteur-compositeur-interprete-de-chansons-francaises\/","og_locale":"en_US","og_type":"article","og_title":"[:fr]Visite d'Alain, auteur - compositeur - interpr\u00e8te de chansons fran\u00e7aises[:] - Laman\u00e8re - Official Site of the Municipality","og_description":"Sorry, this entry is only available in French. Alain, qui traverse la France en v\u00e9lo, viendra nous rendre visite \u00e0 Laman\u00e8re le samedi 10 octobre 2020","og_url":"https:\/\/lamanere.fr\/evenement\/visite-dalain-auteur-compositeur-interprete-de-chansons-francaises\/","og_site_name":"Laman\u00e8re - Official Site of the Municipality","article_publisher":"https:\/\/www.facebook.com\/lamanere","article_modified_time":"2020-09-15T11:38:38+00:00","og_image":[{"url":"https:\/\/lamanere.fr\/wp-content\/uploads\/2020\/09\/Alain-Charrier-1-216x300.jpg","type":"","width":"","height":""}],"twitter_card":"summary_large_image","schema":{"@context":"https:\/\/schema.org","@graph":[{"@type":"WebPage","@id":"https:\/\/lamanere.fr\/evenement\/visite-dalain-auteur-compositeur-interprete-de-chansons-francaises\/","url":"https:\/\/lamanere.fr\/evenement\/visite-dalain-auteur-compositeur-interprete-de-chansons-francaises\/","name":"[:fr]Visite d'Alain, auteur - compositeur - interpr\u00e8te de chansons fran\u00e7aises[:] - Laman\u00e8re - Official Site of the Municipality","isPartOf":{"@id":"https:\/\/lamanere.fr\/#website"},"primaryImageOfPage":{"@id":"https:\/\/lamanere.fr\/evenement\/visite-dalain-auteur-compositeur-interprete-de-chansons-francaises\/#primaryimage"},"image":{"@id":"https:\/\/lamanere.fr\/evenement\/visite-dalain-auteur-compositeur-interprete-de-chansons-francaises\/#primaryimage"},"thumbnailUrl":"https:\/\/lamanere.fr\/wp-content\/uploads\/2020\/09\/Alain-Charrier-1-216x300.jpg","datePublished":"2020-09-15T11:36:42+00:00","dateModified":"2020-09-15T11:38:38+00:00","breadcrumb":{"@id":"https:\/\/lamanere.fr\/evenement\/visite-dalain-auteur-compositeur-interprete-de-chansons-francaises\/#breadcrumb"},"inLanguage":"en-US","potentialAction":[{"@type":"ReadAction","target":["https:\/\/lamanere.fr\/evenement\/visite-dalain-auteur-compositeur-interprete-de-chansons-francaises\/"]}]},{"@type":"ImageObject","inLanguage":"en-US","@id":"https:\/\/lamanere.fr\/evenement\/visite-dalain-auteur-compositeur-interprete-de-chansons-francaises\/#primaryimage","url":"https:\/\/lamanere.fr\/wp-content\/uploads\/2020\/09\/Alain-Charrier-1-216x300.jpg","contentUrl":"https:\/\/lamanere.fr\/wp-content\/uploads\/2020\/09\/Alain-Charrier-1-216x300.jpg"},{"@type":"BreadcrumbList","@id":"https:\/\/lamanere.fr\/evenement\/visite-dalain-auteur-compositeur-interprete-de-chansons-francaises\/#breadcrumb","itemListElement":[{"@type":"ListItem","position":1,"name":"Accueil","item":"https:\/\/lamanere.fr\/"},{"@type":"ListItem","position":2,"name":"\u00c9v\u00e8nements","item":"https:\/\/lamanere.fr\/evenements\/"},{"@type":"ListItem","position":3,"name":"Visite d&#8217;Alain, auteur &#8211; compositeur &#8211; interpr\u00e8te de chansons fran\u00e7aises"}]},{"@type":"WebSite","@id":"https:\/\/lamanere.fr\/#website","url":"https:\/\/lamanere.fr\/","name":"Laman\u00e8re - Official Site of the Municipality","description":"Southernmost village in mainland France","publisher":{"@id":"https:\/\/lamanere.fr\/#organization"},"potentialAction":[{"@type":"SearchAction","target":{"@type":"EntryPoint","urlTemplate":"https:\/\/lamanere.fr\/?s={search_term_string}"},"query-input":{"@type":"PropertyValueSpecification","valueRequired":true,"valueName":"search_term_string"}}],"inLanguage":"en-US"},{"@type":"Organization","@id":"https:\/\/lamanere.fr\/#organization","name":"Commune de Laman\u00e8re","url":"https:\/\/lamanere.fr\/","logo":{"@type":"ImageObject","inLanguage":"en-US","@id":"https:\/\/lamanere.fr\/#\/schema\/logo\/image\/","url":"https:\/\/lamanere.fr\/wp-content\/uploads\/2020\/09\/logo2-149.jpg","contentUrl":"https:\/\/lamanere.fr\/wp-content\/uploads\/2020\/09\/logo2-149.jpg","width":149,"height":146,"caption":"Commune de Laman\u00e8re"},"image":{"@id":"https:\/\/lamanere.fr\/#\/schema\/logo\/image\/"},"sameAs":["https:\/\/www.facebook.com\/lamanere","https:\/\/fr.wikipedia.org\/wiki\/Laman\u00e8re"]}]}},"_links":{"self":[{"href":"https:\/\/lamanere.fr\/en\/wp-json\/wp\/v2\/tribe_events\/558"}],"collection":[{"href":"https:\/\/lamanere.fr\/en\/wp-json\/wp\/v2\/tribe_events"}],"about":[{"href":"https:\/\/lamanere.fr\/en\/wp-json\/wp\/v2\/types\/tribe_events"}],"author":[{"embeddable":true,"href":"https:\/\/lamanere.fr\/en\/wp-json\/wp\/v2\/users\/2"}],"version-history":[{"count":4,"href":"https:\/\/lamanere.fr\/en\/wp-json\/wp\/v2\/tribe_events\/558\/revisions"}],"predecessor-version":[{"id":564,"href":"https:\/\/lamanere.fr\/en\/wp-json\/wp\/v2\/tribe_events\/558\/revisions\/564"}],"wp:attachment":[{"href":"https:\/\/lamanere.fr\/en\/wp-json\/wp\/v2\/media?parent=558"}],"wp:term":[{"taxonomy":"post_tag","embeddable":true,"href":"https:\/\/lamanere.fr\/en\/wp-json\/wp\/v2\/tags?post=558"},{"taxonomy":"tribe_events_cat","embeddable":true,"href":"https:\/\/lamanere.fr\/en\/wp-json\/wp\/v2\/tribe_events_cat?post=558"}],"curies":[{"name":"wp","href":"https:\/\/api.w.org\/{rel}","templated":true}]}}

Visite d&#8217;Alain, auteur &#8211; compositeur &#8211; interprète de chansons françaises

<p class="qtranxs-available-languages-message qtranxs-available-languages-message-en">Sorry, this entry is only available in <a href="https://lamanere.fr/fr/wp-json/wp/v2/tribe_events/558" class="qtranxs-available-language-link qtranxs-available-language-link-fr" title="Français">French</a>.</p><p></p>
<p style="text-align: left;">Alain, qui traverse la France en vélo, viendra nous rendre visite à Lamanère le samedi 10 octobre 2020</p>
<p><img loading="lazy" decoding="async" class="size-medium wp-image-562 alignleft" src="https://lamanere.fr/wp-content/uploads/2020/09/Alain-Charrier-1-216x300.jpg" alt="" width="216" height="300" srcset="https://lamanere.fr/wp-content/uploads/2020/09/Alain-Charrier-1-216x300.jpg 216w, https://lamanere.fr/wp-content/uploads/2020/09/Alain-Charrier-1-737x1024.jpg 737w, https://lamanere.fr/wp-content/uploads/2020/09/Alain-Charrier-1-768x1068.jpg 768w, https://lamanere.fr/wp-content/uploads/2020/09/Alain-Charrier-1-1105x1536.jpg 1105w, https://lamanere.fr/wp-content/uploads/2020/09/Alain-Charrier-1-1473x2048.jpg 1473w, https://lamanere.fr/wp-content/uploads/2020/09/Alain-Charrier-1-scaled.jpg 1842w" sizes="(max-width: 216px) 100vw, 216px" /></p>

<p>Sorry, this entry is only available in French. Alain, qui traverse la France en vélo, viendra nous rendre visite à Lamanère le samedi 10 octobre 2020</p>

<!-- This site is optimized with the Yoast SEO plugin v27.5 - https://yoast.com/product/yoast-seo-wordpress/ -->
<title></title>
<meta name="robots" content="index, follow, max-snippet:-1, max-image-preview:large, max-video-preview:-1" />
<link rel="canonical" href="https://lamanere.fr/evenement/visite-dalain-auteur-compositeur-interprete-de-chansons-francaises/" />
<meta property="og:locale" content="en_US" />
<meta property="og:type" content="article" />
<meta property="og:title" content="[:fr]Visite d&#039;Alain, auteur - compositeur - interprète de chansons françaises[:] - Lamanère - Official Site of the Municipality" />
<meta property="og:description" content="Sorry, this entry is only available in French. Alain, qui traverse la France en vélo, viendra nous rendre visite à Lamanère le samedi 10 octobre 2020" />
<meta property="og:url" content="https://lamanere.fr/evenement/visite-dalain-auteur-compositeur-interprete-de-chansons-francaises/" />
<meta property="og:site_name" content="Lamanère - Official Site of the Municipality" />
<meta property="article:publisher" content="https://www.facebook.com/lamanere" />
<meta property="article:modified_time" content="2020-09-15T11:38:38+00:00" />
<meta property="og:image" content="https://lamanere.fr/wp-content/uploads/2020/09/Alain-Charrier-1-216x300.jpg" />
<meta name="twitter:card" content="summary_large_image" />
<script type="application/ld+json" class="yoast-schema-graph">{"@context":"https:\/\/schema.org","@graph":[{"@type":"WebPage","@id":"https:\/\/lamanere.fr\/evenement\/visite-dalain-auteur-compositeur-interprete-de-chansons-francaises\/","url":"https:\/\/lamanere.fr\/evenement\/visite-dalain-auteur-compositeur-interprete-de-chansons-francaises\/","name":"[:fr]Visite d'Alain, auteur - compositeur - interprète de chansons françaises[:] - Lamanère - Official Site of the Municipality","isPartOf":{"@id":"https:\/\/lamanere.fr\/#website"},"primaryImageOfPage":{"@id":"https:\/\/lamanere.fr\/evenement\/visite-dalain-auteur-compositeur-interprete-de-chansons-francaises\/#primaryimage"},"image":{"@id":"https:\/\/lamanere.fr\/evenement\/visite-dalain-auteur-compositeur-interprete-de-chansons-francaises\/#primaryimage"},"thumbnailUrl":"https:\/\/lamanere.fr\/wp-content\/uploads\/2020\/09\/Alain-Charrier-1-216x300.jpg","datePublished":"2020-09-15T11:36:42+00:00","dateModified":"2020-09-15T11:38:38+00:00","breadcrumb":{"@id":"https:\/\/lamanere.fr\/evenement\/visite-dalain-auteur-compositeur-interprete-de-chansons-francaises\/#breadcrumb"},"inLanguage":"en-US","potentialAction":[{"@type":"ReadAction","target":["https:\/\/lamanere.fr\/evenement\/visite-dalain-auteur-compositeur-interprete-de-chansons-francaises\/"]}]},{"@type":"ImageObject","inLanguage":"en-US","@id":"https:\/\/lamanere.fr\/evenement\/visite-dalain-auteur-compositeur-interprete-de-chansons-francaises\/#primaryimage","url":"https:\/\/lamanere.fr\/wp-content\/uploads\/2020\/09\/Alain-Charrier-1-216x300.jpg","contentUrl":"https:\/\/lamanere.fr\/wp-content\/uploads\/2020\/09\/Alain-Charrier-1-216x300.jpg"},{"@type":"BreadcrumbList","@id":"https:\/\/lamanere.fr\/evenement\/visite-dalain-auteur-compositeur-interprete-de-chansons-francaises\/#breadcrumb","itemListElement":[{"@type":"ListItem","position":1,"name":"Accueil","item":"https:\/\/lamanere.fr\/"},{"@type":"ListItem","position":2,"name":"Évènements","item":"https:\/\/lamanere.fr\/evenements\/"},{"@type":"ListItem","position":3,"name":"Visite d&#8217;Alain, auteur &#8211; compositeur &#8211; interprète de chansons françaises"}]},{"@type":"WebSite","@id":"https:\/\/lamanere.fr\/#website","url":"https:\/\/lamanere.fr\/","name":"Lamanère - Official Site of the Municipality","description":"Southernmost village in mainland France","publisher":{"@id":"https:\/\/lamanere.fr\/#organization"},"potentialAction":[{"@type":"SearchAction","target":{"@type":"EntryPoint","urlTemplate":"https:\/\/lamanere.fr\/?s={search_term_string}"},"query-input":{"@type":"PropertyValueSpecification","valueRequired":true,"valueName":"search_term_string"}}],"inLanguage":"en-US"},{"@type":"Organization","@id":"https:\/\/lamanere.fr\/#organization","name":"Commune de Lamanère","url":"https:\/\/lamanere.fr\/","logo":{"@type":"ImageObject","inLanguage":"en-US","@id":"https:\/\/lamanere.fr\/#\/schema\/logo\/image\/","url":"https:\/\/lamanere.fr\/wp-content\/uploads\/2020\/09\/logo2-149.jpg","contentUrl":"https:\/\/lamanere.fr\/wp-content\/uploads\/2020\/09\/logo2-149.jpg","width":149,"height":146,"caption":"Commune de Lamanère"},"image":{"@id":"https:\/\/lamanere.fr\/#\/schema\/logo\/image\/"},"sameAs":["https:\/\/www.facebook.com\/lamanere","https:\/\/fr.wikipedia.org\/wiki\/Lamanère"]}]}</script>
<!-- / Yoast SEO plugin. -->

[:fr]Visite d'Alain, auteur - compositeur - interprète de chansons françaises[:] - Lamanère - Official Site of the Municipality

Sorry, this entry is only available in French. Alain, qui traverse la France en vélo, viendra nous rendre visite à Lamanère le samedi 10 octobre 2020

Lamanère - Official Site of the Municipality

Évènements

Commune de Lamanère

https://fr.wikipedia.org/wiki/Lamanère
